[Tue Oct 10 06:39:10.891676 2023] [authz_core:error] [pid 1220:tid 1684] [client 103.121.39.54:52152] AH01630: client denied by server configuration: C:/xampp/htdocs/vendor
[Tue Oct 10 07:22:04.728031 2023] [authz_core:error] [pid 1220:tid 1684] [client 5.196.102.78:46005] AH01630: client denied by server configuration: C:/xampp/htdocs/favicon.ico
[Tue Oct 10 08:38:20.462560 2023] [authz_core:error] [pid 1220:tid 1684] [client 51.254.49.108:60623] AH01630: client denied by server configuration: C:/xampp/htdocs/
[Tue Oct 10 08:42:53.249780 2023] [authz_core:error] [pid 1220:tid 1684] [client 34.140.248.32:40140] AH01630: client denied by server configuration: C:/xampp/htdocs/
[Tue Oct 10 08:52:46.415300 2023] [authz_core:error] [pid 1220:tid 1684] [client 5.196.102.71:60803] AH01630: client denied by server configuration: C:/xampp/htdocs/favicon.ico
[Tue Oct 10 09:11:29.134389 2023] [authz_core:error] [pid 1220:tid 1684] [client 51.254.49.105:58373] AH01630: client denied by server configuration: C:/xampp/htdocs/
[Tue Oct 10 09:46:03.612252 2023] [authz_core:error] [pid 1220:tid 1684] [client 47.88.94.28:49607] AH01630: client denied by server configuration: C:/xampp/htdocs/Public
[Tue Oct 10 09:46:05.143499 2023] [authz_core:error] [pid 1220:tid 1684] [client 47.88.86.63:57289] AH01630: client denied by server configuration: C:/xampp/htdocs/static
[Tue Oct 10 10:09:24.945911 2023] [authz_core:error] [pid 1220:tid 1684] [client 83.97.73.87:44652] AH01630: client denied by server configuration: C:/xampp/htdocs/
[Tue Oct 10 10:39:07.562339 2023] [authz_core:error] [pid 1220:tid 1684] [client 162.243.132.15:55878] AH01630: client denied by server configuration: C:/xampp/htdocs/owa
[Tue Oct 10 10:39:55.476893 2023] [authz_core:error] [pid 1220:tid 1684] [client 198.199.114.65:51502] AH01630: client denied by server configuration: C:/xampp/htdocs/
[Tue Oct 10 10:42:23.729278 2023] [authz_core:error] [pid 1220:tid 1684] [client 192.241.225.27:55498] AH01630: client denied by server configuration: C:/xampp/htdocs/autodiscover
[Tue Oct 10 11:07:40.871206 2023] [authz_core:error] [pid 1220:tid 1684] [client 83.97.73.87:55014] AH01630: client denied by server configuration: C:/xampp/htdocs/actuator
[Tue Oct 10 11:15:58.778363 2023] [authz_core:error] [pid 1220:tid 1684] [client 71.6.232.24:60472] AH01630: client denied by server configuration: C:/xampp/htdocs/
[Tue Oct 10 12:47:48.257569 2023] [authz_core:error] [pid 1220:tid 1684] [client 94.102.61.75:44922] AH01630: client denied by server configuration: C:/xampp/htdocs/
[Tue Oct 10 14:30:18.512546 2023] [authz_core:error] [pid 1220:tid 1684] [client 87.236.176.135:39405] AH01630: client denied by server configuration: C:/xampp/htdocs/
[Tue Oct 10 16:59:21.455907 2023] [authz_core:error] [pid 1220:tid 1684] [client 35.203.211.161:64896] AH01630: client denied by server configuration: C:/xampp/htdocs/
[Tue Oct 10 19:03:43.261567 2023] [cgi:error] [pid 1220:tid 1684] [client 64.237.188.149:49005] AH02811: script not found or unable to stat: C:/xampp/htdocs/nextjs/app/setup.cgi
[Tue Oct 10 19:19:36.642402 2023] [authz_core:error] [pid 1220:tid 1684] [client 103.237.86.107:62141] AH01630: client denied by server configuration: C:/xampp/htdocs/.env
[Tue Oct 10 19:19:38.142406 2023] [authz_core:error] [pid 1220:tid 1684] [client 103.237.86.107:62346] AH01630: client denied by server configuration: C:/xampp/htdocs/
[Tue Oct 10 22:06:27.249909 2023] [authz_core:error] [pid 1220:tid 1684] [client 192.241.195.48:34792] AH01630: client denied by server configuration: C:/xampp/htdocs/owa
[Tue Oct 10 22:33:40.296833 2023] [authz_core:error] [pid 1220:tid 1684] [client 185.180.143.7:43822] AH01630: client denied by server configuration: C:/xampp/htdocs/remote
[Tue Oct 10 22:33:45.609335 2023] [authz_core:error] [pid 1220:tid 1680] [client 185.180.143.7:45518] AH01630: client denied by server configuration: C:/xampp/htdocs/favicon
[Tue Oct 10 23:04:13.982160 2023] [authz_core:error] [pid 1220:tid 1684] [client 185.180.143.48:49870] AH01630: client denied by server configuration: C:/xampp/htdocs/
[Tue Oct 10 23:50:39.167657 2023] [authz_core:error] [pid 1220:tid 1684] [client 185.180.140.4:40564] AH01630: client denied by server configuration: C:/xampp/htdocs/
[Wed Oct 11 00:36:06.312625 2023] [authz_core:error] [pid 1220:tid 1684] [client 185.180.143.136:39694] AH01630: client denied by server configuration: C:/xampp/htdocs/remote
[Wed Oct 11 01:24:14.460958 2023] [authz_core:error] [pid 1220:tid 1684] [client 193.118.53.194:43526] AH01630: client denied by server configuration: C:/xampp/htdocs/
[Wed Oct 11 02:06:17.461323 2023] [authz_core:error] [pid 1220:tid 1680] [client 109.237.98.226:55016] AH01630: client denied by server configuration: C:/xampp/htdocs/.env
[Wed Oct 11 03:35:31.194005 2023] [authz_core:error] [pid 1220:tid 1684] [client 205.210.31.173:57732] AH01630: client denied by server configuration: C:/xampp/htdocs/
[Wed Oct 11 04:49:20.867253 2023] [authz_core:error] [pid 1220:tid 1684] [client 193.233.232.139:46404] AH01630: client denied by server configuration: C:/xampp/htdocs/api
[Wed Oct 11 06:30:27.302373 2023] [authz_core:error] [pid 1220:tid 1684] [client 66.240.236.109:38342] AH01630: client denied by server configuration: C:/xampp/htdocs/
[Wed Oct 11 07:24:51.364039 2023] [authz_core:error] [pid 1220:tid 1684] [client 199.45.155.4:7558] AH01630: client denied by server configuration: C:/xampp/htdocs/
[Wed Oct 11 07:25:02.442170 2023] [authz_core:error] [pid 1220:tid 1684] [client 199.45.154.4:8998] AH01630: client denied by server configuration: C:/xampp/htdocs/
[Wed Oct 11 07:25:10.035914 2023] [authz_core:error] [pid 1220:tid 1684] [client 43.248.128.82:49028] AH01630: client denied by server configuration: C:/xampp/htdocs/
[Wed Oct 11 07:25:52.830824 2023] [authz_core:error] [pid 1220:tid 1684] [client 171.67.71.144:53688] AH01630: client denied by server configuration: C:/xampp/htdocs/
[Wed Oct 11 07:27:15.211074 2023] [authz_core:error] [pid 1220:tid 1684] [client 38.110.46.2:54498] AH01630: client denied by server configuration: C:/xampp/htdocs/
[Wed Oct 11 08:29:31.399413 2023] [authz_core:error] [pid 1220:tid 1684] [client 130.211.54.158:46028] AH01630: client denied by server configuration: C:/xampp/htdocs/
[Wed Oct 11 10:20:40.444256 2023] [authz_core:error] [pid 1220:tid 1680] [client 109.237.97.180:47010] AH01630: client denied by server configuration: C:/xampp/htdocs/.env
[Wed Oct 11 12:14:10.769077 2023] [authz_core:error] [pid 1220:tid 1684] [client 35.203.211.80:62160] AH01630: client denied by server configuration: C:/xampp/htdocs/
[Wed Oct 11 12:34:05.912467 2023] [authz_core:error] [pid 1220:tid 1684] [client 83.97.73.87:41488] AH01630: client denied by server configuration: C:/xampp/htdocs/
[Wed Oct 11 13:11:48.745062 2023] [authz_core:error] [pid 1220:tid 1684] [client 167.94.146.56:34350] AH01630: client denied by server configuration: C:/xampp/htdocs/
[Wed Oct 11 13:11:49.307561 2023] [authz_core:error] [pid 1220:tid 1684] [client 167.94.146.56:34744] AH01630: client denied by server configuration: C:/xampp/htdocs/
[Wed Oct 11 13:14:35.741581 2023] [authz_core:error] [pid 1220:tid 1684] [client 167.94.138.126:40302] AH01630: client denied by server configuration: C:/xampp/htdocs/
[Wed Oct 11 13:14:36.413464 2023] [authz_core:error] [pid 1220:tid 1684] [client 167.94.138.126:35472] AH01630: client denied by server configuration: C:/xampp/htdocs/
[Wed Oct 11 13:34:28.509452 2023] [php:error] [pid 1220:tid 1684] [client 103.14.26.208:36944] script 'C:/xampp/htdocs/nextjs/app/restore.php' not found or unable to stat
[Wed Oct 11 13:46:56.635412 2023] [authz_core:error] [pid 1220:tid 1684] [client 83.97.73.87:58284] AH01630: client denied by server configuration: C:/xampp/htdocs/actuator
[Wed Oct 11 13:58:40.902924 2023] [authz_core:error] [pid 1220:tid 1684] [client 80.66.76.32:42846] AH01630: client denied by server configuration: C:/xampp/htdocs/
[Wed Oct 11 14:01:19.422394 2023] [authz_core:error] [pid 1220:tid 1504] [client 109.237.98.197:52548] AH01630: client denied by server configuration: C:/xampp/htdocs/admin
[Wed Oct 11 14:01:19.438017 2023] [authz_core:error] [pid 1220:tid 1684] [client 109.237.98.197:52532] AH01630: client denied by server configuration: C:/xampp/htdocs/
[Wed Oct 11 14:48:08.671917 2023] [authz_core:error] [pid 1220:tid 1684] [client 216.218.206.68:59436] AH01630: client denied by server configuration: C:/xampp/htdocs/
[Wed Oct 11 14:57:14.455651 2023] [authz_core:error] [pid 1220:tid 1680] [client 216.218.206.68:59126] AH01630: client denied by server configuration: C:/xampp/htdocs/dns-query
[Wed Oct 11 14:58:25.593461 2023] [authz_core:error] [pid 1220:tid 1680] [client 216.218.206.68:33364] AH01630: client denied by server configuration: C:/xampp/htdocs/
[Wed Oct 11 15:02:21.290344 2023] [authz_core:error] [pid 1220:tid 1680] [client 216.218.206.68:41306] AH01630: client denied by server configuration: C:/xampp/htdocs/geoserver
[Wed Oct 11 15:03:13.918888 2023] [authz_core:error] [pid 1220:tid 1684] [client 216.218.206.68:31762] AH01630: client denied by server configuration: C:/xampp/htdocs/.git
[Wed Oct 11 15:29:46.687118 2023] [authz_core:error] [pid 1220:tid 1684] [client 47.89.154.16:54168] AH01630: client denied by server configuration: C:/xampp/htdocs/dns-query
[Wed Oct 11 15:29:48.062124 2023] [authz_core:error] [pid 1220:tid 1684] [client 47.89.154.16:54170] AH01630: client denied by server configuration: C:/xampp/htdocs/dns-query
[Wed Oct 11 15:29:49.655871 2023] [authz_core:error] [pid 1220:tid 1684] [client 47.89.154.16:58182] AH01630: client denied by server configuration: C:/xampp/htdocs/dns-query
[Wed Oct 11 15:29:51.574781 2023] [authz_core:error] [pid 1220:tid 1684] [client 47.89.154.16:58190] AH01630: client denied by server configuration: C:/xampp/htdocs/dns-query
[Wed Oct 11 15:29:53.465406 2023] [authz_core:error] [pid 1220:tid 1684] [client 47.89.154.16:58206] AH01630: client denied by server configuration: C:/xampp/htdocs/dns-query
[Wed Oct 11 15:29:55.402910 2023] [authz_core:error] [pid 1220:tid 1684] [client 47.89.154.16:58210] AH01630: client denied by server configuration: C:/xampp/htdocs/dns-query
[Wed Oct 11 15:29:58.277913 2023] [authz_core:error] [pid 1220:tid 1684] [client 47.89.154.16:58214] AH01630: client denied by server configuration: C:/xampp/htdocs/query
[Wed Oct 11 15:30:01.137280 2023] [authz_core:error] [pid 1220:tid 1684] [client 47.89.154.16:50366] AH01630: client denied by server configuration: C:/xampp/htdocs/query
[Wed Oct 11 15:30:03.356051 2023] [authz_core:error] [pid 1220:tid 1684] [client 47.89.154.16:50370] AH01630: client denied by server configuration: C:/xampp/htdocs/query
[Wed Oct 11 15:30:05.652906 2023] [authz_core:error] [pid 1220:tid 1684] [client 47.89.154.16:50378] AH01630: client denied by server configuration: C:/xampp/htdocs/query
[Wed Oct 11 15:30:07.891756 2023] [authz_core:error] [pid 1220:tid 1684] [client 47.89.154.16:50386] AH01630: client denied by server configuration: C:/xampp/htdocs/query
[Wed Oct 11 15:30:10.548023 2023] [authz_core:error] [pid 1220:tid 1684] [client 47.89.154.16:53096] AH01630: client denied by server configuration: C:/xampp/htdocs/query
[Wed Oct 11 15:30:12.532594 2023] [authz_core:error] [pid 1220:tid 1684] [client 47.89.154.16:53098] AH01630: client denied by server configuration: C:/xampp/htdocs/resolve
[Wed Oct 11 15:30:14.516766 2023] [authz_core:error] [pid 1220:tid 1684] [client 47.89.154.16:53102] AH01630: client denied by server configuration: C:/xampp/htdocs/resolve
[Wed Oct 11 15:30:16.844900 2023] [authz_core:error] [pid 1220:tid 1684] [client 47.89.154.16:53110] AH01630: client denied by server configuration: C:/xampp/htdocs/resolve
[Wed Oct 11 15:30:18.829279 2023] [authz_core:error] [pid 1220:tid 1684] [client 47.89.154.16:43502] AH01630: client denied by server configuration: C:/xampp/htdocs/resolve
[Wed Oct 11 15:30:21.313622 2023] [authz_core:error] [pid 1220:tid 1684] [client 47.89.154.16:43518] AH01630: client denied by server configuration: C:/xampp/htdocs/resolve
[Wed Oct 11 15:30:23.079270 2023] [authz_core:error] [pid 1220:tid 1684] [client 47.89.154.16:43520] AH01630: client denied by server configuration: C:/xampp/htdocs/resolve
[Wed Oct 11 15:30:24.766769 2023] [authz_core:error] [pid 1220:tid 1684] [client 47.89.154.16:43534] AH01630: client denied by server configuration: C:/xampp/htdocs/
[Wed Oct 11 15:30:27.579259 2023] [authz_core:error] [pid 1220:tid 1684] [client 47.89.154.16:43538] AH01630: client denied by server configuration: C:/xampp/htdocs/
[Wed Oct 11 15:30:29.391767 2023] [authz_core:error] [pid 1220:tid 1684] [client 47.89.154.16:53020] AH01630: client denied by server configuration: C:/xampp/htdocs/
[Wed Oct 11 15:30:31.969876 2023] [authz_core:error] [pid 1220:tid 1684] [client 47.89.154.16:53034] AH01630: client denied by server configuration: C:/xampp/htdocs/
[Wed Oct 11 15:30:34.079245 2023] [authz_core:error] [pid 1220:tid 1684] [client 47.89.154.16:53042] AH01630: client denied by server configuration: C:/xampp/htdocs/
[Wed Oct 11 15:30:35.751142 2023] [authz_core:error] [pid 1220:tid 1684] [client 47.89.154.16:53046] AH01630: client denied by server configuration: C:/xampp/htdocs/
[Wed Oct 11 15:46:05.009646 2023] [authz_core:error] [pid 1220:tid 1684] [client 138.246.253.24:35930] AH01630: client denied by server configuration: C:/xampp/htdocs/robots.txt
[Wed Oct 11 18:06:37.080523 2023] [core:error] [pid 1220:tid 1684] [client 105.174.48.86:58544] AH10244: invalid URI path (/cgi-bin/.%2e/.%2e/.%2e/.%2e/.%2e/.%2e/.%2e/.%2e/.%2e/.%2e/bin/sh)
[Wed Oct 11 18:06:40.846163 2023] [core:error] [pid 1220:tid 1684] [client 105.174.48.86:59188] AH10244: invalid URI path (/cgi-bin/%%32%65%%32%65/%%32%65%%32%65/%%32%65%%32%65/%%32%65%%32%65/%%32%65%%32%65/%%32%65%%32%65/%%32%65%%32%65/bin/sh)
[Wed Oct 11 18:19:55.141106 2023] [authz_core:error] [pid 1220:tid 1684] [client 107.170.236.28:43282] AH01630: client denied by server configuration: C:/xampp/htdocs/
[Wed Oct 11 18:45:17.436223 2023] [authz_core:error] [pid 1220:tid 1684] [client 198.199.114.69:57298] AH01630: client denied by server configuration: C:/xampp/htdocs/autodiscover
[Wed Oct 11 20:00:09.928292 2023] [authz_core:error] [pid 1220:tid 1684] [client 193.29.15.75:60202] AH01630: client denied by server configuration: C:/xampp/htdocs/api
[Wed Oct 11 20:53:06.122613 2023] [authz_core:error] [pid 1220:tid 1684] [client 103.146.202.118:38150] AH01630: client denied by server configuration: C:/xampp/htdocs/.env
[Wed Oct 11 20:53:06.888231 2023] [authz_core:error] [pid 1220:tid 1684] [client 103.146.202.118:38262] AH01630: client denied by server configuration: C:/xampp/htdocs/
[Wed Oct 11 20:53:09.841347 2023] [authz_core:error] [pid 1220:tid 1684] [client 103.146.202.118:38902] AH01630: client denied by server configuration: C:/xampp/htdocs/sendgrid
[Wed Oct 11 20:53:10.544470 2023] [authz_core:error] [pid 1220:tid 1684] [client 103.146.202.118:39004] AH01630: client denied by server configuration: C:/xampp/htdocs/
[Wed Oct 11 21:59:48.821724 2023] [authz_core:error] [pid 1220:tid 1684] [client 64.227.137.240:44274] AH01630: client denied by server configuration: C:/xampp/htdocs/ab2g
[Wed Oct 11 21:59:52.478006 2023] [authz_core:error] [pid 1220:tid 1680] [client 64.227.137.240:44260] AH01630: client denied by server configuration: C:/xampp/htdocs/ab2h
[Wed Oct 11 22:00:17.955893 2023] [authz_core:error] [pid 1220:tid 1680] [client 64.227.137.240:39850] AH01630: client denied by server configuration: C:/xampp/htdocs/
[Wed Oct 11 22:00:22.362148 2023] [authz_core:error] [pid 1220:tid 1680] [client 64.227.137.240:34004] AH01630: client denied by server configuration: C:/xampp/htdocs/t4
[Wed Oct 11 22:00:27.996585 2023] [authz_core:error] [pid 1220:tid 1680] [client 64.227.137.240:50596] AH01630: client denied by server configuration: C:/xampp/htdocs/favicon.ico
[Wed Oct 11 22:00:31.762226 2023] [authz_core:error] [pid 1220:tid 1680] [client 64.227.137.240:50612] AH01630: client denied by server configuration: C:/xampp/htdocs/
[Wed Oct 11 22:40:46.104507 2023] [authz_core:error] [pid 1220:tid 1684] [client 194.187.176.63:20694] AH01630: client denied by server configuration: C:/xampp/htdocs/
[Wed Oct 11 22:40:47.401380 2023] [authz_core:error] [pid 1220:tid 1680] [client 194.187.176.166:48658] AH01630: client denied by server configuration: C:/xampp/htdocs/favicon.ico
[Wed Oct 11 23:13:54.240113 2023] [authz_core:error] [pid 1220:tid 1684] [client 185.180.143.75:36032] AH01630: client denied by server configuration: C:/xampp/htdocs/
[Thu Oct 12 02:06:42.652351 2023] [authz_core:error] [pid 1220:tid 1684] [client 164.52.0.93:53241] AH01630: client denied by server configuration: C:/xampp/htdocs/
[Thu Oct 12 02:06:46.355477 2023] [authz_core:error] [pid 1220:tid 1684] [client 164.52.0.93:53241] AH01630: client denied by server configuration: C:/xampp/htdocs/
[Thu Oct 12 02:06:50.902351 2023] [authz_core:error] [pid 1220:tid 1684] [client 164.52.0.93:35457] AH01630: client denied by server configuration: C:/xampp/htdocs/favicon.ico
[Thu Oct 12 02:06:54.355472 2023] [authz_core:error] [pid 1220:tid 1684] [client 164.52.0.93:35457] AH01630: client denied by server configuration: C:/xampp/htdocs/favicon.ico
[Thu Oct 12 04:11:02.743932 2023] [authz_core:error] [pid 1220:tid 1684] [client 167.94.138.124:48936] AH01630: client denied by server configuration: C:/xampp/htdocs/
[Thu Oct 12 04:11:03.383907 2023] [authz_core:error] [pid 1220:tid 1684] [client 167.94.138.124:60660] AH01630: client denied by server configuration: C:/xampp/htdocs/
[Thu Oct 12 05:57:19.525868 2023] [authz_core:error] [pid 1220:tid 1684] [client 35.87.141.247:56268] AH01630: client denied by server configuration: C:/xampp/htdocs/
[Thu Oct 12 05:57:20.666493 2023] [authz_core:error] [pid 1220:tid 1684] [client 35.87.141.247:56276] AH01630: client denied by server configuration: C:/xampp/htdocs/.env
[Thu Oct 12 05:57:21.791503 2023] [authz_core:error] [pid 1220:tid 1684] [client 35.87.141.247:56292] AH01630: client denied by server configuration: C:/xampp/htdocs/109.123.233.241
[Thu Oct 12 05:57:22.932145 2023] [authz_core:error] [pid 1220:tid 1684] [client 35.87.141.247:56308] AH01630: client denied by server configuration: C:/xampp/htdocs/vendor
[Thu Oct 12 05:57:24.072758 2023] [authz_core:error] [pid 1220:tid 1684] [client 35.87.141.247:56320] AH01630: client denied by server configuration: C:/xampp/htdocs/109.123.233.241
[Thu Oct 12 05:57:25.197742 2023] [authz_core:error] [pid 1220:tid 1680] [client 35.87.141.247:56322] AH01630: client denied by server configuration: C:/xampp/htdocs/admin
[Thu Oct 12 05:57:26.322743 2023] [authz_core:error] [pid 1220:tid 1680] [client 35.87.141.247:56328] AH01630: client denied by server configuration: C:/xampp/htdocs/109.123.233.241
[Thu Oct 12 05:57:26.994618 2023] [authz_core:error] [pid 1220:tid 1680] [client 35.87.141.247:56338] AH01630: client denied by server configuration: C:/xampp/htdocs/vendor
[Thu Oct 12 06:37:41.620101 2023] [authz_core:error] [pid 1220:tid 1684] [client 94.102.61.75:33776] AH01630: client denied by server configuration: C:/xampp/htdocs/
[Thu Oct 12 06:58:48.203457 2023] [authz_core:error] [pid 1220:tid 1684] [client 104.248.208.74:41162] AH01630: client denied by server configuration: C:/xampp/htdocs/ab2g
[Thu Oct 12 06:58:48.875324 2023] [authz_core:error] [pid 1220:tid 1680] [client 104.248.208.74:41178] AH01630: client denied by server configuration: C:/xampp/htdocs/ab2h
[Thu Oct 12 06:58:56.812833 2023] [authz_core:error] [pid 1220:tid 1680] [client 104.248.208.74:40036] AH01630: client denied by server configuration: C:/xampp/htdocs/
[Thu Oct 12 06:58:58.125340 2023] [authz_core:error] [pid 1220:tid 1680] [client 104.248.208.74:40070] AH01630: client denied by server configuration: C:/xampp/htdocs/t4
[Thu Oct 12 06:58:59.281566 2023] [authz_core:error] [pid 1220:tid 1680] [client 104.248.208.74:40090] AH01630: client denied by server configuration: C:/xampp/htdocs/favicon.ico
[Thu Oct 12 06:58:59.937843 2023] [authz_core:error] [pid 1220:tid 1680] [client 104.248.208.74:40104] AH01630: client denied by server configuration: C:/xampp/htdocs/
[Thu Oct 12 07:03:14.735724 2023] [authz_core:error] [pid 1220:tid 1680] [client 185.180.143.49:50602] AH01630: client denied by server configuration: C:/xampp/htdocs/
[Thu Oct 12 10:26:13.090921 2023] [authz_core:error] [pid 1220:tid 1684] [client 54.245.49.53:37270] AH01630: client denied by server configuration: C:/xampp/htdocs/
[Thu Oct 12 10:26:14.450301 2023] [authz_core:error] [pid 1220:tid 1684] [client 54.245.49.53:50010] AH01630: client denied by server configuration: C:/xampp/htdocs/.env
[Thu Oct 12 10:26:59.315461 2023] [authz_core:error] [pid 1220:tid 1684] [client 54.245.49.53:50024] AH01630: client denied by server configuration: C:/xampp/htdocs/109.123.233.241
[Thu Oct 12 10:27:00.627961 2023] [authz_core:error] [pid 1220:tid 1684] [client 54.245.49.53:43074] AH01630: client denied by server configuration: C:/xampp/htdocs/vendor
[Thu Oct 12 10:27:01.940447 2023] [authz_core:error] [pid 1220:tid 1684] [client 54.245.49.53:43076] AH01630: client denied by server configuration: C:/xampp/htdocs/109.123.233.241
[Thu Oct 12 10:27:03.221701 2023] [authz_core:error] [pid 1220:tid 1684] [client 54.245.49.53:43086] AH01630: client denied by server configuration: C:/xampp/htdocs/admin
[Thu Oct 12 10:27:04.565456 2023] [authz_core:error] [pid 1220:tid 1684] [client 54.245.49.53:37706] AH01630: client denied by server configuration: C:/xampp/htdocs/109.123.233.241
[Thu Oct 12 10:27:05.424845 2023] [authz_core:error] [pid 1220:tid 1684] [client 54.245.49.53:37716] AH01630: client denied by server configuration: C:/xampp/htdocs/vendor
[Thu Oct 12 10:43:01.663633 2023] [authz_core:error] [pid 1220:tid 1684] [client 34.78.6.216:45182] AH01630: client denied by server configuration: C:/xampp/htdocs/
[Thu Oct 12 11:02:07.824922 2023] [authz_core:error] [pid 1220:tid 1684] [client 185.180.140.6:39898] AH01630: client denied by server configuration: C:/xampp/htdocs/
[Thu Oct 12 11:02:19.965519 2023] [authz_core:error] [pid 1220:tid 1684] [client 185.180.140.6:46520] AH01630: client denied by server configuration: C:/xampp/htdocs/showLogin.cc
[Thu Oct 12 11:29:55.077262 2023] [authz_core:error] [pid 1220:tid 1684] [client 185.100.87.136:40576] AH01630: client denied by server configuration: C:/xampp/htdocs/FD873AC4-CF86-4FED-84EC-4BD59C6F17A7
[Thu Oct 12 12:06:12.929263 2023] [authz_core:error] [pid 1220:tid 1684] [client 184.105.139.70:3864] AH01630: client denied by server configuration: C:/xampp/htdocs/
[Thu Oct 12 12:13:45.090960 2023] [authz_core:error] [pid 1220:tid 1684] [client 184.105.139.70:39210] AH01630: client denied by server configuration: C:/xampp/htdocs/dns-query
[Thu Oct 12 12:14:37.314630 2023] [authz_core:error] [pid 1220:tid 1684] [client 184.105.139.70:11052] AH01630: client denied by server configuration: C:/xampp/htdocs/
[Thu Oct 12 12:17:49.977569 2023] [authz_core:error] [pid 1220:tid 1684] [client 184.105.139.70:65046] AH01630: client denied by server configuration: C:/xampp/htdocs/geoserver
[Thu Oct 12 12:18:26.694784 2023] [authz_core:error] [pid 1220:tid 1684] [client 184.105.139.70:41064] AH01630: client denied by server configuration: C:/xampp/htdocs/.git
[Thu Oct 12 15:08:09.503661 2023] [authz_core:error] [pid 1220:tid 1684] [client 83.97.73.87:37200] AH01630: client denied by server configuration: C:/xampp/htdocs/
[Thu Oct 12 15:26:40.759820 2023] [authz_core:error] [pid 1220:tid 1684] [client 92.118.39.109:55680] AH01630: client denied by server configuration: C:/xampp/htdocs/.git
[Thu Oct 12 16:27:51.124091 2023] [authz_core:error] [pid 1220:tid 1684] [client 83.97.73.87:51258] AH01630: client denied by server configuration: C:/xampp/htdocs/actuator
[Thu Oct 12 18:19:29.189391 2023] [authz_core:error] [pid 1220:tid 1684] [client 35.203.210.116:60074] AH01630: client denied by server configuration: C:/xampp/htdocs/
[Thu Oct 12 19:07:14.031488 2023] [authz_core:error] [pid 1220:tid 1684] [client 109.237.98.226:36444] AH01630: client denied by server configuration: C:/xampp/htdocs/.env
[Thu Oct 12 19:45:00.015581 2023] [authz_core:error] [pid 1220:tid 1684] [client 107.170.252.58:36790] AH01630: client denied by server configuration: C:/xampp/htdocs/actuator
[Thu Oct 12 19:58:47.104377 2023] [authz_core:error] [pid 1220:tid 1684] [client 157.230.101.118:57550] AH01630: client denied by server configuration: C:/xampp/htdocs/.git
[Thu Oct 12 20:16:42.796686 2023] [authz_core:error] [pid 1220:tid 1684] [client 104.248.129.104:51418] AH01630: client denied by server configuration: C:/xampp/htdocs/
[Thu Oct 12 21:14:50.264397 2023] [authz_core:error] [pid 1220:tid 1684] [client 8.210.161.5:41658] AH01630: client denied by server configuration: C:/xampp/htdocs/dns-query
[Thu Oct 12 21:23:32.935444 2023] [authz_core:error] [pid 1220:tid 1684] [client 8.210.161.5:55160] AH01630: client denied by server configuration: C:/xampp/htdocs/dns-query
[Thu Oct 12 21:35:20.458266 2023] [php:error] [pid 1220:tid 1664] [client 44.192.33.208:32970] script 'C:/xampp/htdocs/nextjs/app/gate.php' not found or unable to stat
[Thu Oct 12 21:35:20.708942 2023] [authz_core:error] [pid 1220:tid 1640] [client 44.192.33.208:35210] AH01630: client denied by server configuration: C:/xampp/htdocs/99vt
[Thu Oct 12 21:35:20.708942 2023] [authz_core:error] [pid 1220:tid 1680] [client 44.192.33.208:35188] AH01630: client denied by server configuration: C:/xampp/htdocs/aaaaaaaaaaaaaaaaaaaaaaaaaqr
[Thu Oct 12 21:35:20.708942 2023] [authz_core:error] [pid 1220:tid 1676] [client 44.192.33.208:35166] AH01630: client denied by server configuration: C:/xampp/htdocs/
[Thu Oct 12 21:35:20.708942 2023] [authz_core:error] [pid 1220:tid 1660] [client 44.192.33.208:35192] AH01630: client denied by server configuration: C:/xampp/htdocs/Res
[Thu Oct 12 21:35:20.723907 2023] [authz_core:error] [pid 1220:tid 1504] [client 44.192.33.208:35170] AH01630: client denied by server configuration: C:/xampp/htdocs/robots.txt
[Thu Oct 12 21:35:20.723907 2023] [authz_core:error] [pid 1220:tid 1644] [client 44.192.33.208:35172] AH01630: client denied by server configuration: C:/xampp/htdocs/robots.txt
[Thu Oct 12 21:35:21.661443 2023] [authz_core:error] [pid 1220:tid 1660] [client 44.192.33.208:35232] AH01630: client denied by server configuration: C:/xampp/htdocs/99vu
[Thu Oct 12 21:49:36.748815 2023] [authz_core:error] [pid 1220:tid 1684] [client 35.240.98.210:59480] AH01630: client denied by server configuration: C:/xampp/htdocs/Temporary_Listen_Addresses
[Thu Oct 12 21:58:52.993713 2023] [authz_core:error] [pid 1220:tid 1684] [client 198.199.116.41:43484] AH01630: client denied by server configuration: C:/xampp/htdocs/ReportServer
[Thu Oct 12 22:28:41.469361 2023] [php:error] [pid 1220:tid 1684] [client 170.64.208.4:46066] script 'C:/xampp/htdocs/nextjs/app/upl.php' not found or unable to stat
[Thu Oct 12 22:28:44.000623 2023] [php:error] [pid 1220:tid 1684] [client 170.64.208.4:46116] script 'C:/xampp/htdocs/nextjs/app/1.php' not found or unable to stat
[Thu Oct 12 22:28:45.656869 2023] [php:error] [pid 1220:tid 1684] [client 170.64.208.4:46158] script 'C:/xampp/htdocs/nextjs/app/password.php' not found or unable to stat
[Thu Oct 12 22:28:46.063094 2023] [php:error] [pid 1220:tid 1684] [client 170.64.208.4:46166] script 'C:/xampp/htdocs/nextjs/app/info.php' not found or unable to stat
[Thu Oct 12 22:31:56.980144 2023] [authz_core:error] [pid 1220:tid 1684] [client 20.113.27.135:55693] AH01630: client denied by server configuration: C:/xampp/htdocs/
[Thu Oct 12 23:20:59.179233 2023] [authz_core:error] [pid 1220:tid 1684] [client 51.83.75.133:36880] AH01630: client denied by server configuration: C:/xampp/htdocs/manager
[Thu Oct 12 23:45:58.930751 2023] [authz_core:error] [pid 1220:tid 1684] [client 81.209.179.152:54064] AH01630: client denied by server configuration: C:/xampp/htdocs/
[Thu Oct 12 23:46:11.474011 2023] [authz_core:error] [pid 1220:tid 1684] [client 81.209.179.152:56314] AH01630: client denied by server configuration: C:/xampp/htdocs/favicon.ico
[Fri Oct 13 00:57:40.520771 2023] [authz_core:error] [pid 1220:tid 1684] [client 37.9.1.162:62921] AH01630: client denied by server configuration: C:/xampp/htdocs/
[Fri Oct 13 00:57:42.286382 2023] [authz_core:error] [pid 1220:tid 1684] [client 37.9.1.162:61688] AH01630: client denied by server configuration: C:/xampp/htdocs/.env
[Fri Oct 13 00:57:44.239517 2023] [authz_core:error] [pid 1220:tid 1684] [client 37.9.1.162:65294] AH01630: client denied by server configuration: C:/xampp/htdocs/109.123.233.241
[Fri Oct 13 00:57:45.723881 2023] [authz_core:error] [pid 1220:tid 1680] [client 37.9.1.162:58368] AH01630: client denied by server configuration: C:/xampp/htdocs/vendor
[Fri Oct 13 00:57:47.114518 2023] [authz_core:error] [pid 1220:tid 1504] [client 37.9.1.162:63353] AH01630: client denied by server configuration: C:/xampp/htdocs/109.123.233.241
[Fri Oct 13 00:57:48.677019 2023] [authz_core:error] [pid 1220:tid 1680] [client 37.9.1.162:50805] AH01630: client denied by server configuration: C:/xampp/htdocs/admin
[Fri Oct 13 00:57:50.764772 2023] [authz_core:error] [pid 1220:tid 1684] [client 37.9.1.162:61513] AH01630: client denied by server configuration: C:/xampp/htdocs/109.123.233.241
[Fri Oct 13 00:57:51.811638 2023] [authz_core:error] [pid 1220:tid 1684] [client 37.9.1.162:65210] AH01630: client denied by server configuration: C:/xampp/htdocs/vendor
[Fri Oct 13 01:23:15.642514 2023] [authz_core:error] [pid 1220:tid 1684] [client 38.110.46.2:44992] AH01630: client denied by server configuration: C:/xampp/htdocs/
[Fri Oct 13 01:25:24.856084 2023] [authz_core:error] [pid 1220:tid 1684] [client 199.45.155.4:23842] AH01630: client denied by server configuration: C:/xampp/htdocs/
[Fri Oct 13 01:25:27.481080 2023] [authz_core:error] [pid 1220:tid 1684] [client 199.45.154.4:60420] AH01630: client denied by server configuration: C:/xampp/htdocs/
[Fri Oct 13 01:26:35.517464 2023] [authz_core:error] [pid 1220:tid 1684] [client 43.248.128.82:36808] AH01630: client denied by server configuration: C:/xampp/htdocs/
[Fri Oct 13 01:29:29.326331 2023] [authz_core:error] [pid 1220:tid 1684] [client 171.67.71.144:57304] AH01630: client denied by server configuration: C:/xampp/htdocs/
[Fri Oct 13 02:35:20.463582 2023] [php:error] [pid 1220:tid 1444] [client 18.232.187.67:36070] script 'C:/xampp/htdocs/nextjs/app/gate.php' not found or unable to stat
[Fri Oct 13 02:35:20.916694 2023] [authz_core:error] [pid 1220:tid 1680] [client 18.232.187.67:33916] AH01630: client denied by server configuration: C:/xampp/htdocs/robots.txt
[Fri Oct 13 02:35:20.932338 2023] [authz_core:error] [pid 1220:tid 1668] [client 18.232.187.67:33932] AH01630: client denied by server configuration: C:/xampp/htdocs/aaaaaaaaaaaaaaaaaaaaaaaaaqr
[Fri Oct 13 02:35:20.947939 2023] [authz_core:error] [pid 1220:tid 1504] [client 18.232.187.67:33902] AH01630: client denied by server configuration: C:/xampp/htdocs/robots.txt
[Fri Oct 13 02:35:20.947939 2023] [authz_core:error] [pid 1220:tid 1468] [client 18.232.187.67:33950] AH01630: client denied by server configuration: C:/xampp/htdocs/Res
[Fri Oct 13 02:35:20.963584 2023] [authz_core:error] [pid 1220:tid 1652] [client 18.232.187.67:33888] AH01630: client denied by server configuration: C:/xampp/htdocs/
[Fri Oct 13 02:35:20.994816 2023] [authz_core:error] [pid 1220:tid 1648] [client 18.232.187.67:33948] AH01630: client denied by server configuration: C:/xampp/htdocs/99vt
[Fri Oct 13 02:35:21.713585 2023] [authz_core:error] [pid 1220:tid 1648] [client 18.232.187.67:33960] AH01630: client denied by server configuration: C:/xampp/htdocs/99vu
[Fri Oct 13 02:38:39.826707 2023] [authz_core:error] [pid 1220:tid 1644] [client 107.170.232.58:38042] AH01630: client denied by server configuration: C:/xampp/htdocs/autodiscover
[Fri Oct 13 03:03:20.584841 2023] [authz_core:error] [pid 1220:tid 1684] [client 47.74.90.127:40592] AH01630: client denied by server configuration: C:/xampp/htdocs/dns-query
[Fri Oct 13 03:13:09.215589 2023] [authz_core:error] [pid 1220:tid 1684] [client 47.74.90.127:38312] AH01630: client denied by server configuration: C:/xampp/htdocs/dns-query
[Fri Oct 13 03:46:33.716053 2023] [authz_core:error] [pid 1220:tid 1680] [client 37.9.1.162:55156] AH01630: client denied by server configuration: C:/xampp/htdocs/_profiler
[Fri Oct 13 03:46:34.372333 2023] [authz_core:error] [pid 1220:tid 1680] [client 37.9.1.162:55573] AH01630: client denied by server configuration: C:/xampp/htdocs/
[Fri Oct 13 03:46:35.106697 2023] [authz_core:error] [pid 1220:tid 1684] [client 37.9.1.162:55986] AH01630: client denied by server configuration: C:/xampp/htdocs/
[Fri Oct 13 03:46:35.981691 2023] [authz_core:error] [pid 1220:tid 1680] [client 37.9.1.162:56643] AH01630: client denied by server configuration: C:/xampp/htdocs/phpinfo
[Fri Oct 13 03:46:36.670707 2023] [authz_core:error] [pid 1220:tid 1680] [client 37.9.1.162:57129] AH01630: client denied by server configuration: C:/xampp/htdocs/
[Fri Oct 13 03:46:37.325473 2023] [authz_core:error] [pid 1220:tid 1680] [client 37.9.1.162:57583] AH01630: client denied by server configuration: C:/xampp/htdocs/
[Fri Oct 13 03:46:37.653568 2023] [php:error] [pid 1220:tid 1684] [client 37.9.1.162:57922] script 'C:/xampp/htdocs/nextjs/app/phpinfo.php' not found or unable to stat
[Fri Oct 13 03:46:38.278569 2023] [authz_core:error] [pid 1220:tid 1684] [client 37.9.1.162:58084] AH01630: client denied by server configuration: C:/xampp/htdocs/php.ini
[Fri Oct 13 03:46:39.012957 2023] [authz_core:error] [pid 1220:tid 1684] [client 37.9.1.162:58516] AH01630: client denied by server configuration: C:/xampp/htdocs/
[Fri Oct 13 03:46:39.387932 2023] [php:error] [pid 1220:tid 1684] [client 37.9.1.162:58913] script 'C:/xampp/htdocs/nextjs/app/index.php' not found or unable to stat
[Fri Oct 13 03:46:39.747331 2023] [authz_core:error] [pid 1220:tid 1680] [client 37.9.1.162:58984] AH01630: client denied by server configuration: C:/xampp/htdocs/
[Fri Oct 13 03:46:40.653548 2023] [authz_core:error] [pid 1220:tid 1684] [client 37.9.1.162:59524] AH01630: client denied by server configuration: C:/xampp/htdocs/phpinfo.php
[Fri Oct 13 03:46:41.341353 2023] [authz_core:error] [pid 1220:tid 1684] [client 37.9.1.162:59967] AH01630: client denied by server configuration: C:/xampp/htdocs/
[Fri Oct 13 03:46:42.028553 2023] [authz_core:error] [pid 1220:tid 1684] [client 37.9.1.162:60454] AH01630: client denied by server configuration: C:/xampp/htdocs/
[Fri Oct 13 03:46:42.731714 2023] [php:error] [pid 1220:tid 1684] [client 37.9.1.162:61031] script 'C:/xampp/htdocs/nextjs/app/temp.php' not found or unable to stat
[Fri Oct 13 03:46:43.012948 2023] [authz_core:error] [pid 1220:tid 1504] [client 37.9.1.162:61048] AH01630: client denied by server configuration: C:/xampp/htdocs/index.php
[Fri Oct 13 03:46:43.966077 2023] [authz_core:error] [pid 1220:tid 1504] [client 37.9.1.162:61526] AH01630: client denied by server configuration: C:/xampp/htdocs/
[Fri Oct 13 03:46:44.637942 2023] [authz_core:error] [pid 1220:tid 1504] [client 37.9.1.162:62037] AH01630: client denied by server configuration: C:/xampp/htdocs/
[Fri Oct 13 03:46:45.591076 2023] [authz_core:error] [pid 1220:tid 1504] [client 37.9.1.162:62654] AH01630: client denied by server configuration: C:/xampp/htdocs/php-info
[Fri Oct 13 03:46:46.262931 2023] [authz_core:error] [pid 1220:tid 1504] [client 37.9.1.162:63154] AH01630: client denied by server configuration: C:/xampp/htdocs/
[Fri Oct 13 03:46:46.553380 2023] [php:error] [pid 1220:tid 1684] [client 37.9.1.162:63526] script 'C:/xampp/htdocs/nextjs/app/info.php' not found or unable to stat
[Fri Oct 13 03:46:46.912775 2023] [authz_core:error] [pid 1220:tid 1504] [client 37.9.1.162:63628] AH01630: client denied by server configuration: C:/xampp/htdocs/
[Fri Oct 13 03:46:47.865873 2023] [authz_core:error] [pid 1220:tid 1504] [client 37.9.1.162:64252] AH01630: client denied by server configuration: C:/xampp/htdocs/temp.php
[Fri Oct 13 03:46:48.553384 2023] [authz_core:error] [pid 1220:tid 1684] [client 37.9.1.162:64601] AH01630: client denied by server configuration: C:/xampp/htdocs/
[Fri Oct 13 03:46:49.240913 2023] [authz_core:error] [pid 1220:tid 1684] [client 37.9.1.162:65113] AH01630: client denied by server configuration: C:/xampp/htdocs/
[Fri Oct 13 03:46:50.287756 2023] [authz_core:error] [pid 1220:tid 1684] [client 37.9.1.162:49374] AH01630: client denied by server configuration: C:/xampp/htdocs/phpinfo
[Fri Oct 13 03:46:50.944010 2023] [authz_core:error] [pid 1220:tid 1684] [client 37.9.1.162:49861] AH01630: client denied by server configuration: C:/xampp/htdocs/
[Fri Oct 13 03:46:51.568996 2023] [authz_core:error] [pid 1220:tid 1684] [client 37.9.1.162:50303] AH01630: client denied by server configuration: C:/xampp/htdocs/
[Fri Oct 13 03:46:51.803367 2023] [php:error] [pid 1220:tid 1680] [client 37.9.1.162:50556] script 'C:/xampp/htdocs/nextjs/app/frontend_dev.php' not found or unable to stat
[Fri Oct 13 03:46:53.240872 2023] [authz_core:error] [pid 1220:tid 1684] [client 37.9.1.162:51443] AH01630: client denied by server configuration: C:/xampp/htdocs/info.php
[Fri Oct 13 03:46:53.959667 2023] [authz_core:error] [pid 1220:tid 1684] [client 37.9.1.162:51930] AH01630: client denied by server configuration: C:/xampp/htdocs/
[Fri Oct 13 03:46:54.709646 2023] [authz_core:error] [pid 1220:tid 1684] [client 37.9.1.162:52538] AH01630: client denied by server configuration: C:/xampp/htdocs/
[Fri Oct 13 03:46:55.787763 2023] [authz_core:error] [pid 1220:tid 1684] [client 37.9.1.162:53484] AH01630: client denied by server configuration: C:/xampp/htdocs/dashboard/phpinfo.php
[Fri Oct 13 03:46:56.428387 2023] [authz_core:error] [pid 1220:tid 1684] [client 37.9.1.162:54036] AH01630: client denied by server configuration: C:/xampp/htdocs/
[Fri Oct 13 03:46:57.053394 2023] [authz_core:error] [pid 1220:tid 1680] [client 37.9.1.162:54590] AH01630: client denied by server configuration: C:/xampp/htdocs/
[Fri Oct 13 03:46:58.178376 2023] [authz_core:error] [pid 1220:tid 1684] [client 37.9.1.162:55514] AH01630: client denied by server configuration: C:/xampp/htdocs/wp-config.php-backup
[Fri Oct 13 03:46:58.912760 2023] [authz_core:error] [pid 1220:tid 1684] [client 37.9.1.162:56058] AH01630: client denied by server configuration: C:/xampp/htdocs/
[Fri Oct 13 03:46:59.537746 2023] [authz_core:error] [pid 1220:tid 1680] [client 37.9.1.162:56573] AH01630: client denied by server configuration: C:/xampp/htdocs/
[Fri Oct 13 03:47:00.631507 2023] [authz_core:error] [pid 1220:tid 1680] [client 37.9.1.162:57485] AH01630: client denied by server configuration: C:/xampp/htdocs/frontend_dev.php
[Fri Oct 13 03:47:01.319014 2023] [authz_core:error] [pid 1220:tid 1684] [client 37.9.1.162:57961] AH01630: client denied by server configuration: C:/xampp/htdocs/
[Fri Oct 13 03:47:02.022116 2023] [authz_core:error] [pid 1220:tid 1684] [client 37.9.1.162:58550] AH01630: client denied by server configuration: C:/xampp/htdocs/
[Fri Oct 13 03:47:02.944015 2023] [authz_core:error] [pid 1220:tid 1684] [client 37.9.1.162:59248] AH01630: client denied by server configuration: C:/xampp/htdocs/admin
[Fri Oct 13 03:47:03.242592 2023] [php:error] [pid 1220:tid 1680] [client 37.9.1.162:59648] script 'C:/xampp/htdocs/nextjs/app/wp-config.php' not found or unable to stat
[Fri Oct 13 03:47:03.647134 2023] [authz_core:error] [pid 1220:tid 1684] [client 37.9.1.162:59814] AH01630: client denied by server configuration: C:/xampp/htdocs/
[Fri Oct 13 03:47:04.365892 2023] [authz_core:error] [pid 1220:tid 1680] [client 37.9.1.162:60319] AH01630: client denied by server configuration: C:/xampp/htdocs/
[Fri Oct 13 03:47:05.428390 2023] [authz_core:error] [pid 1220:tid 1680] [client 37.9.1.162:61075] AH01630: client denied by server configuration: C:/xampp/htdocs/wp-config.phpold
[Fri Oct 13 03:47:06.303384 2023] [authz_core:error] [pid 1220:tid 1680] [client 37.9.1.162:61726] AH01630: client denied by server configuration: C:/xampp/htdocs/
[Fri Oct 13 03:47:06.912747 2023] [authz_core:error] [pid 1220:tid 1684] [client 37.9.1.162:62338] AH01630: client denied by server configuration: C:/xampp/htdocs/
[Fri Oct 13 03:47:07.553390 2023] [authz_core:error] [pid 1220:tid 1684] [client 37.9.1.162:63006] AH01630: client denied by server configuration: C:/xampp/htdocs/wp-config.php.bak
[Fri Oct 13 03:47:08.193998 2023] [authz_core:error] [pid 1220:tid 1684] [client 37.9.1.162:63716] AH01630: client denied by server configuration: C:/xampp/htdocs/
[Fri Oct 13 03:47:08.803389 2023] [authz_core:error] [pid 1220:tid 1684] [client 37.9.1.162:64374] AH01630: client denied by server configuration: C:/xampp/htdocs/
[Fri Oct 13 03:47:09.412769 2023] [authz_core:error] [pid 1220:tid 1684] [client 37.9.1.162:65029] AH01630: client denied by server configuration: C:/xampp/htdocs/wp-config.php~
[Fri Oct 13 03:47:10.037765 2023] [authz_core:error] [pid 1220:tid 1684] [client 37.9.1.162:49414] AH01630: client denied by server configuration: C:/xampp/htdocs/
[Fri Oct 13 03:47:10.662768 2023] [authz_core:error] [pid 1220:tid 1684] [client 37.9.1.162:50169] AH01630: client denied by server configuration: C:/xampp/htdocs/
[Fri Oct 13 03:47:11.303386 2023] [authz_core:error] [pid 1220:tid 1684] [client 37.9.1.162:51218] AH01630: client denied by server configuration: C:/xampp/htdocs/wp-config.php.orig
[Fri Oct 13 03:47:11.914091 2023] [authz_core:error] [pid 1220:tid 1684] [client 37.9.1.162:52433] AH01630: client denied by server configuration: C:/xampp/htdocs/
[Fri Oct 13 03:47:12.553390 2023] [authz_core:error] [pid 1220:tid 1684] [client 37.9.1.162:53314] AH01630: client denied by server configuration: C:/xampp/htdocs/
[Fri Oct 13 03:47:13.209640 2023] [authz_core:error] [pid 1220:tid 1684] [client 37.9.1.162:54508] AH01630: client denied by server configuration: C:/xampp/htdocs/wp-config.php
[Fri Oct 13 03:47:13.803382 2023] [authz_core:error] [pid 1220:tid 1684] [client 37.9.1.162:55307] AH01630: client denied by server configuration: C:/xampp/htdocs/
[Fri Oct 13 03:47:14.381513 2023] [authz_core:error] [pid 1220:tid 1684] [client 37.9.1.162:56251] AH01630: client denied by server configuration: C:/xampp/htdocs/
[Fri Oct 13 03:47:14.975262 2023] [authz_core:error] [pid 1220:tid 1684] [client 37.9.1.162:57066] AH01630: client denied by server configuration: C:/xampp/htdocs/wp-config.php.original
[Fri Oct 13 03:47:15.600272 2023] [authz_core:error] [pid 1220:tid 1684] [client 37.9.1.162:57775] AH01630: client denied by server configuration: C:/xampp/htdocs/
[Fri Oct 13 03:47:16.178394 2023] [authz_core:error] [pid 1220:tid 1684] [client 37.9.1.162:58813] AH01630: client denied by server configuration: C:/xampp/htdocs/
[Fri Oct 13 03:47:16.787755 2023] [authz_core:error] [pid 1220:tid 1684] [client 37.9.1.162:59654] AH01630: client denied by server configuration: C:/xampp/htdocs/wp-config.php1
[Fri Oct 13 03:47:17.428392 2023] [authz_core:error] [pid 1220:tid 1684] [client 37.9.1.162:60652] AH01630: client denied by server configuration: C:/xampp/htdocs/
[Fri Oct 13 03:47:18.057710 2023] [authz_core:error] [pid 1220:tid 1504] [client 37.9.1.162:61647] AH01630: client denied by server configuration: C:/xampp/htdocs/
[Fri Oct 13 03:47:18.635851 2023] [authz_core:error] [pid 1220:tid 1684] [client 37.9.1.162:62541] AH01630: client denied by server configuration: C:/xampp/htdocs/.wp-config.php.swp
[Fri Oct 13 03:47:19.229571 2023] [authz_core:error] [pid 1220:tid 1684] [client 37.9.1.162:63463] AH01630: client denied by server configuration: C:/xampp/htdocs/
[Fri Oct 13 03:47:19.823327 2023] [authz_core:error] [pid 1220:tid 1684] [client 37.9.1.162:64437] AH01630: client denied by server configuration: C:/xampp/htdocs/
[Fri Oct 13 03:47:20.479555 2023] [authz_core:error] [pid 1220:tid 1684] [client 37.9.1.162:65355] AH01630: client denied by server configuration: C:/xampp/htdocs/wp-config.php.save
[Fri Oct 13 03:47:21.088950 2023] [authz_core:error] [pid 1220:tid 1684] [client 37.9.1.162:49919] AH01630: client denied by server configuration: C:/xampp/htdocs/
[Fri Oct 13 03:47:21.698306 2023] [authz_core:error] [pid 1220:tid 1684] [client 37.9.1.162:50676] AH01630: client denied by server configuration: C:/xampp/htdocs/
[Fri Oct 13 03:49:58.908667 2023] [php:error] [pid 1220:tid 1684] [client 139.59.81.207:37722] script 'C:/xampp/htdocs/nextjs/app/index.php' not found or unable to stat
[Fri Oct 13 03:50:02.877425 2023] [authz_core:error] [pid 1220:tid 1684] [client 139.59.81.207:37722] AH01630: client denied by server configuration: C:/xampp/phpMyAdmin/index.php
[Fri Oct 13 03:54:22.321890 2023] [authz_core:error] [pid 1220:tid 1684] [client 62.210.245.28:58338] AH01630: client denied by server configuration: C:/xampp/htdocs/
[Fri Oct 13 03:54:23.212527 2023] [authz_core:error] [pid 1220:tid 1684] [client 62.210.245.28:58350] AH01630: client denied by server configuration: C:/xampp/htdocs/.env
[Fri Oct 13 03:54:24.071891 2023] [authz_core:error] [pid 1220:tid 1684] [client 62.210.245.28:58358] AH01630: client denied by server configuration: C:/xampp/htdocs/109.123.233.241
[Fri Oct 13 03:54:24.853134 2023] [authz_core:error] [pid 1220:tid 1684] [client 62.210.245.28:58360] AH01630: client denied by server configuration: C:/xampp/htdocs/vendor
[Fri Oct 13 03:54:25.712491 2023] [authz_core:error] [pid 1220:tid 1684] [client 62.210.245.28:58364] AH01630: client denied by server configuration: C:/xampp/htdocs/109.123.233.241
[Fri Oct 13 03:54:26.540637 2023] [authz_core:error] [pid 1220:tid 1684] [client 62.210.245.28:58372] AH01630: client denied by server configuration: C:/xampp/htdocs/admin
[Fri Oct 13 03:54:28.118768 2023] [authz_core:error] [pid 1220:tid 1684] [client 62.210.245.28:34296] AH01630: client denied by server configuration: C:/xampp/htdocs/109.123.233.241
[Fri Oct 13 03:54:28.603138 2023] [authz_core:error] [pid 1220:tid 1684] [client 62.210.245.28:34310] AH01630: client denied by server configuration: C:/xampp/htdocs/vendor
[Fri Oct 13 04:35:27.827011 2023] [authz_core:error] [pid 1220:tid 1684] [client 198.199.102.29:41662] AH01630: client denied by server configuration: C:/xampp/htdocs/version
[Fri Oct 13 05:01:01.734033 2023] [authz_core:error] [pid 1220:tid 1684] [client 198.199.94.11:56610] AH01630: client denied by server configuration: C:/xampp/htdocs/owa
[Fri Oct 13 05:28:22.838987 2023] [authz_core:error] [pid 1220:tid 1684] [client 162.142.125.216:60520] AH01630: client denied by server configuration: C:/xampp/htdocs/
[Fri Oct 13 05:28:23.542109 2023] [authz_core:error] [pid 1220:tid 1684] [client 162.142.125.216:58558] AH01630: client denied by server configuration: C:/xampp/htdocs/
[Fri Oct 13 05:43:21.517343 2023] [authz_core:error] [pid 1220:tid 1684] [client 107.170.229.45:40214] AH01630: client denied by server configuration: C:/xampp/htdocs/
[Fri Oct 13 06:35:58.853247 2023] [authz_core:error] [pid 1220:tid 1684] [client 183.2.185.51:56339] AH01630: client denied by server configuration: C:/xampp/htdocs/
[Fri Oct 13 07:15:14.475231 2023] [authz_core:error] [pid 1220:tid 1684] [client 179.43.170.218:60252] AH01630: client denied by server configuration: C:/xampp/htdocs/.git
[Fri Oct 13 07:16:36.296029 2023] [authz_core:error] [pid 1220:tid 1684] [client 45.66.230.162:64609] AH01630: client denied by server configuration: C:/xampp/htdocs/.env
[Fri Oct 13 07:16:36.921024 2023] [authz_core:error] [pid 1220:tid 1680] [client 45.66.230.162:49755] AH01630: client denied by server configuration: C:/xampp/htdocs/
[Fri Oct 13 07:43:37.351834 2023] [authz_core:error] [pid 1220:tid 1684] [client 34.78.8.198:43578] AH01630: client denied by server configuration: C:/xampp/htdocs/autodiscove
[Fri Oct 13 08:27:13.656666 2023] [authz_core:error] [pid 1220:tid 1684] [client 51.159.164.227:54076] AH01630: client denied by server configuration: C:/xampp/htdocs/
[Fri Oct 13 08:27:16.391018 2023] [authz_core:error] [pid 1220:tid 1504] [client 51.159.164.227:54200] AH01630: client denied by server configuration: C:/xampp/htdocs/
[Fri Oct 13 08:27:16.844156 2023] [authz_core:error] [pid 1220:tid 1672] [client 51.159.164.227:54204] AH01630: client denied by server configuration: C:/xampp/htdocs/ads.txt
[Fri Oct 13 09:00:35.494312 2023] [authz_core:error] [pid 1220:tid 1684] [client 54.211.163.4:50580] AH01630: client denied by server configuration: C:/xampp/htdocs/
[Fri Oct 13 09:01:24.966775 2023] [ssl:error] [pid 1220:tid 1680] [client 54.211.163.4:42736] AH02042: rejecting client initiated renegotiation
[Fri Oct 13 09:25:12.948144 2023] [php:error] [pid 1220:tid 1684] [client 114.35.183.25:46026] script 'C:/xampp/htdocs/nextjs/app/index.php' not found or unable to stat
[Fri Oct 13 09:25:15.260635 2023] [authz_core:error] [pid 1220:tid 1684] [client 114.35.183.25:46030] AH01630: client denied by server configuration: C:/xampp/phpMyAdmin/index.php
[Fri Oct 13 09:28:25.008840 2023] [php:error] [pid 1220:tid 1684] [client 89.157.244.173:48456] script 'C:/xampp/htdocs/nextjs/app/index.php' not found or unable to stat
[Fri Oct 13 09:28:26.290088 2023] [authz_core:error] [pid 1220:tid 1684] [client 89.157.244.173:48456] AH01630: client denied by server configuration: C:/xampp/phpMyAdmin/index.php
[Fri Oct 13 13:29:23.481775 2023] [authz_core:error] [pid 1220:tid 1684] [client 62.210.245.28:45412] AH01630: client denied by server configuration: C:/xampp/htdocs/
[Fri Oct 13 13:29:24.700509 2023] [authz_core:error] [pid 1220:tid 1684] [client 62.210.245.28:45416] AH01630: client denied by server configuration: C:/xampp/htdocs/.env
[Fri Oct 13 13:29:25.794259 2023] [authz_core:error] [pid 1220:tid 1684] [client 62.210.245.28:45432] AH01630: client denied by server configuration: C:/xampp/htdocs/109.123.233.241
