[Sat Oct 14 17:26:25.604048 2023] [authz_core:error] [pid 1220:tid 1676] [client 139.162.7.59:58590] AH01630: client denied by server configuration: C:/xampp/htdocs/indice.pl
[Sat Oct 14 17:26:25.775898 2023] [authz_core:error] [pid 1220:tid 1676] [client 139.162.7.59:58598] AH01630: client denied by server configuration: C:/xampp/htdocs/base.aspx
[Sat Oct 14 17:26:25.947794 2023] [authz_core:error] [pid 1220:tid 1676] [client 139.162.7.59:58604] AH01630: client denied by server configuration: C:/xampp/htdocs/default.aspx
[Sat Oct 14 17:26:26.057174 2023] [cgi:error] [pid 1220:tid 1504] [client 139.162.7.59:40038] AH02811: script not found or unable to stat: C:/xampp/htdocs/nextjs/app/default.asp
[Sat Oct 14 17:26:26.119645 2023] [authz_core:error] [pid 1220:tid 1676] [client 139.162.7.59:58610] AH01630: client denied by server configuration: C:/xampp/htdocs/home.aspx
[Sat Oct 14 17:26:26.229029 2023] [authz_core:error] [pid 1220:tid 1672] [client 139.162.7.59:58620] AH01630: client denied by server configuration: C:/xampp/htdocs/F1kz
[Sat Oct 14 17:26:26.275923 2023] [authz_core:error] [pid 1220:tid 1676] [client 139.162.7.59:58632] AH01630: client denied by server configuration: C:/xampp/htdocs/inicio.asp
[Sat Oct 14 17:26:26.400938 2023] [cgi:error] [pid 1220:tid 1504] [client 139.162.7.59:40058] AH02811: script not found or unable to stat: C:/xampp/htdocs/nextjs/app/indice.pl
[Sat Oct 14 17:26:26.447796 2023] [authz_core:error] [pid 1220:tid 1676] [client 139.162.7.59:58648] AH01630: client denied by server configuration: C:/xampp/htdocs/localstart.cgi
[Sat Oct 14 17:26:26.604042 2023] [authz_core:error] [pid 1220:tid 1676] [client 139.162.7.59:58660] AH01630: client denied by server configuration: C:/xampp/htdocs/index.shtml
[Sat Oct 14 17:26:26.775907 2023] [authz_core:error] [pid 1220:tid 1676] [client 139.162.7.59:58666] AH01630: client denied by server configuration: C:/xampp/htdocs/home.asp
[Sat Oct 14 17:26:26.947915 2023] [authz_core:error] [pid 1220:tid 1676] [client 139.162.7.59:58676] AH01630: client denied by server configuration: C:/xampp/htdocs/home.html
[Sat Oct 14 17:26:27.041550 2023] [cgi:error] [pid 1220:tid 1504] [client 139.162.7.59:40102] AH02811: script not found or unable to stat: C:/xampp/htdocs/nextjs/app/inicio.asp
[Sat Oct 14 17:26:27.104041 2023] [authz_core:error] [pid 1220:tid 1676] [client 139.162.7.59:58678] AH01630: client denied by server configuration: C:/xampp/htdocs/indice.jsp
[Sat Oct 14 17:26:27.197792 2023] [cgi:error] [pid 1220:tid 1504] [client 139.162.7.59:40108] AH02811: script not found or unable to stat: C:/xampp/htdocs/nextjs/app/localstart.cgi
[Sat Oct 14 17:26:27.260277 2023] [authz_core:error] [pid 1220:tid 1676] [client 139.162.7.59:58680] AH01630: client denied by server configuration: C:/xampp/htdocs/main.asp
[Sat Oct 14 17:26:27.416809 2023] [authz_core:error] [pid 1220:tid 1676] [client 139.162.7.59:58684] AH01630: client denied by server configuration: C:/xampp/htdocs/base.pl
[Sat Oct 14 17:26:27.525895 2023] [cgi:error] [pid 1220:tid 1504] [client 139.162.7.59:40118] AH02811: script not found or unable to stat: C:/xampp/htdocs/nextjs/app/home.asp
[Sat Oct 14 17:26:27.572792 2023] [authz_core:error] [pid 1220:tid 1676] [client 139.162.7.59:58694] AH01630: client denied by server configuration: C:/xampp/htdocs/start.pl
[Sat Oct 14 17:26:27.729034 2023] [authz_core:error] [pid 1220:tid 1676] [client 139.162.7.59:58702] AH01630: client denied by server configuration: C:/xampp/htdocs/readme.txt
[Sat Oct 14 17:26:27.885291 2023] [authz_core:error] [pid 1220:tid 1676] [client 139.162.7.59:58716] AH01630: client denied by server configuration: C:/xampp/htdocs/home.jsa
[Sat Oct 14 17:26:27.947769 2023] [cgi:error] [pid 1220:tid 1684] [client 139.162.7.59:40134] AH02811: script not found or unable to stat: C:/xampp/htdocs/nextjs/app/main.asp
[Sat Oct 14 17:26:27.963399 2023] [authz_core:error] [pid 1220:tid 1676] [client 139.162.7.59:58726] AH01630: client denied by server configuration: C:/xampp/htdocs/inicio.cfm
[Sat Oct 14 17:26:27.979024 2023] [cgi:error] [pid 1220:tid 1684] [client 139.162.7.59:40146] AH02811: script not found or unable to stat: C:/xampp/htdocs/nextjs/app/base.pl
[Sat Oct 14 17:26:28.010280 2023] [authz_core:error] [pid 1220:tid 1676] [client 139.162.7.59:58734] AH01630: client denied by server configuration: C:/xampp/htdocs/home.php
[Sat Oct 14 17:26:28.057151 2023] [cgi:error] [pid 1220:tid 1684] [client 139.162.7.59:40162] AH02811: script not found or unable to stat: C:/xampp/htdocs/nextjs/app/start.pl
[Sat Oct 14 17:26:28.073095 2023] [authz_core:error] [pid 1220:tid 1676] [client 139.162.7.59:58750] AH01630: client denied by server configuration: C:/xampp/htdocs/main.cgi
[Sat Oct 14 17:26:28.104021 2023] [authz_core:error] [pid 1220:tid 1676] [client 139.162.7.59:58762] AH01630: client denied by server configuration: C:/xampp/htdocs/indice.html
[Sat Oct 14 17:26:28.150909 2023] [authz_core:error] [pid 1220:tid 1676] [client 139.162.7.59:58770] AH01630: client denied by server configuration: C:/xampp/htdocs/start.cfm
[Sat Oct 14 17:26:28.185949 2023] [authz_core:error] [pid 1220:tid 1676] [client 139.162.7.59:58786] AH01630: client denied by server configuration: C:/xampp/htdocs/indice.cgi
[Sat Oct 14 17:26:28.213413 2023] [php:error] [pid 1220:tid 1684] [client 139.162.7.59:40204] script 'C:/xampp/htdocs/nextjs/app/home.php' not found or unable to stat
[Sat Oct 14 17:26:28.229029 2023] [authz_core:error] [pid 1220:tid 1676] [client 139.162.7.59:58802] AH01630: client denied by server configuration: C:/xampp/htdocs/home.pl
[Sat Oct 14 17:26:28.260276 2023] [cgi:error] [pid 1220:tid 1684] [client 139.162.7.59:40212] AH02811: script not found or unable to stat: C:/xampp/htdocs/nextjs/app/main.cgi
[Sat Oct 14 17:26:28.275926 2023] [authz_core:error] [pid 1220:tid 1676] [client 139.162.7.59:58816] AH01630: client denied by server configuration: C:/xampp/htdocs/localstart.shtml
[Sat Oct 14 17:26:28.338396 2023] [authz_core:error] [pid 1220:tid 1676] [client 139.162.7.59:58832] AH01630: client denied by server configuration: C:/xampp/htdocs/default.jsp
[Sat Oct 14 17:26:28.354023 2023] [authz_core:error] [pid 1220:tid 1676] [client 139.162.7.59:58838] AH01630: client denied by server configuration: C:/xampp/htdocs/indice.cfm
[Sat Oct 14 17:26:28.385293 2023] [cgi:error] [pid 1220:tid 1684] [client 139.162.7.59:40236] AH02811: script not found or unable to stat: C:/xampp/htdocs/nextjs/app/indice.cgi
[Sat Oct 14 17:26:28.400904 2023] [authz_core:error] [pid 1220:tid 1676] [client 139.162.7.59:58852] AH01630: client denied by server configuration: C:/xampp/htdocs/inicio.html
[Sat Oct 14 17:26:28.416527 2023] [cgi:error] [pid 1220:tid 1684] [client 139.162.7.59:40248] AH02811: script not found or unable to stat: C:/xampp/htdocs/nextjs/app/home.pl
[Sat Oct 14 17:26:28.432238 2023] [authz_core:error] [pid 1220:tid 1676] [client 139.162.7.59:58854] AH01630: client denied by server configuration: C:/xampp/htdocs/indice.asp
[Sat Oct 14 17:26:28.497946 2023] [authz_core:error] [pid 1220:tid 1676] [client 139.162.7.59:58860] AH01630: client denied by server configuration: C:/xampp/htdocs/inicio.jsp
[Sat Oct 14 17:26:28.510346 2023] [authz_core:error] [pid 1220:tid 1676] [client 139.162.7.59:58864] AH01630: client denied by server configuration: C:/xampp/htdocs/menu.jsp
[Sat Oct 14 17:26:28.541550 2023] [authz_core:error] [pid 1220:tid 1676] [client 139.162.7.59:58880] AH01630: client denied by server configuration: C:/xampp/htdocs/inicio.pl
[Sat Oct 14 17:26:28.572811 2023] [authz_core:error] [pid 1220:tid 1676] [client 139.162.7.59:58888] AH01630: client denied by server configuration: C:/xampp/htdocs/main.jhtml
[Sat Oct 14 17:26:28.589162 2023] [cgi:error] [pid 1220:tid 1684] [client 139.162.7.59:40272] AH02811: script not found or unable to stat: C:/xampp/htdocs/nextjs/app/indice.asp
[Sat Oct 14 17:26:28.604037 2023] [authz_core:error] [pid 1220:tid 1676] [client 139.162.7.59:58904] AH01630: client denied by server configuration: C:/xampp/htdocs/indice.php
[Sat Oct 14 17:26:28.729060 2023] [cgi:error] [pid 1220:tid 1684] [client 139.162.7.59:40298] AH02811: script not found or unable to stat: C:/xampp/htdocs/nextjs/app/inicio.pl
[Sat Oct 14 17:26:28.760296 2023] [php:error] [pid 1220:tid 1684] [client 139.162.7.59:40324] script 'C:/xampp/htdocs/nextjs/app/indice.php' not found or unable to stat
[Sat Oct 14 17:26:28.807165 2023] [cgi:error] [pid 1220:tid 1684] [client 139.162.7.59:40354] AH02811: script not found or unable to stat: C:/xampp/htdocs/nextjs/app/home.cgi
[Sat Oct 14 17:26:28.885297 2023] [cgi:error] [pid 1220:tid 1684] [client 139.162.7.59:40378] AH02811: script not found or unable to stat: C:/xampp/htdocs/nextjs/app/inicio.cgi
[Sat Oct 14 17:26:28.900904 2023] [php:error] [pid 1220:tid 1684] [client 139.162.7.59:40382] script 'C:/xampp/htdocs/nextjs/app/main.php' not found or unable to stat
[Sat Oct 14 17:26:28.916540 2023] [cgi:error] [pid 1220:tid 1684] [client 139.162.7.59:40388] AH02811: script not found or unable to stat: C:/xampp/htdocs/nextjs/app/menu.cgi
[Sat Oct 14 17:26:28.948067 2023] [cgi:error] [pid 1220:tid 1684] [client 139.162.7.59:40404] AH02811: script not found or unable to stat: C:/xampp/htdocs/nextjs/app/start.cgi
[Sat Oct 14 17:26:28.979031 2023] [cgi:error] [pid 1220:tid 1684] [client 139.162.7.59:40406] AH02811: script not found or unable to stat: C:/xampp/htdocs/nextjs/app/localstart.pl
[Sat Oct 14 17:26:29.025890 2023] [cgi:error] [pid 1220:tid 1684] [client 139.162.7.59:40436] AH02811: script not found or unable to stat: C:/xampp/htdocs/nextjs/app/default.cgi
[Sat Oct 14 17:26:29.041529 2023] [php:error] [pid 1220:tid 1684] [client 139.162.7.59:40446] script 'C:/xampp/htdocs/nextjs/app/localstart.php' not found or unable to stat
[Sat Oct 14 17:26:29.150918 2023] [php:error] [pid 1220:tid 1684] [client 139.162.7.59:40456] script 'C:/xampp/htdocs/nextjs/app/menu.php' not found or unable to stat
[Sat Oct 14 17:26:29.197781 2023] [cgi:error] [pid 1220:tid 1684] [client 139.162.7.59:40472] AH02811: script not found or unable to stat: C:/xampp/htdocs/nextjs/app/default.pl
[Sat Oct 14 17:26:29.260279 2023] [cgi:error] [pid 1220:tid 1684] [client 139.162.7.59:40514] AH02811: script not found or unable to stat: C:/xampp/htdocs/nextjs/app/base.cgi
[Sat Oct 14 17:26:29.307163 2023] [php:error] [pid 1220:tid 1684] [client 139.162.7.59:40520] script 'C:/xampp/htdocs/nextjs/app/start.php' not found or unable to stat
[Sat Oct 14 17:26:29.385271 2023] [cgi:error] [pid 1220:tid 1684] [client 139.162.7.59:40558] AH02811: script not found or unable to stat: C:/xampp/htdocs/nextjs/app/menu.asp
[Sat Oct 14 17:26:29.447825 2023] [cgi:error] [pid 1220:tid 1684] [client 139.162.7.59:40584] AH02811: script not found or unable to stat: C:/xampp/htdocs/nextjs/app/index.asp
[Sat Oct 14 17:26:29.666540 2023] [cgi:error] [pid 1220:tid 1684] [client 139.162.7.59:40680] AH02811: script not found or unable to stat: C:/xampp/htdocs/nextjs/app/index.pl
[Sat Oct 14 17:26:29.729040 2023] [cgi:error] [pid 1220:tid 1684] [client 139.162.7.59:40708] AH02811: script not found or unable to stat: C:/xampp/htdocs/nextjs/app/menu.pl
[Sat Oct 14 17:26:30.510340 2023] [authz_core:error] [pid 1220:tid 1672] [client 139.162.7.59:58968] AH01630: client denied by server configuration: C:/xampp/htdocs/
[Sat Oct 14 17:26:30.619667 2023] [authz_core:error] [pid 1220:tid 1684] [client 139.162.7.59:59010] AH01630: client denied by server configuration: C:/xampp/htdocs/
[Sat Oct 14 18:36:09.212671 2023] [authz_core:error] [pid 1220:tid 1684] [client 83.97.73.87:40686] AH01630: client denied by server configuration: C:/xampp/htdocs/
[Sat Oct 14 19:17:11.142695 2023] [authz_core:error] [pid 1220:tid 1684] [client 161.35.184.183:59212] AH01630: client denied by server configuration: C:/xampp/htdocs/
[Sat Oct 14 19:17:11.658316 2023] [authz_core:error] [pid 1220:tid 1684] [client 161.35.184.183:59212] AH01630: client denied by server configuration: C:/xampp/htdocs/favicon.ico, referer: https://109.123.233.241/
[Sat Oct 14 19:22:31.125022 2023] [authz_core:error] [pid 1220:tid 1684] [client 8.222.253.90:55084] AH01630: client denied by server configuration: C:/xampp/htdocs/dns-query
[Sat Oct 14 19:23:44.954238 2023] [authz_core:error] [pid 1220:tid 1684] [client 8.222.253.90:57222] AH01630: client denied by server configuration: C:/xampp/htdocs/dns-query
[Sat Oct 14 19:29:22.356048 2023] [authz_core:error] [pid 1220:tid 1684] [client 71.6.146.186:57070] AH01630: client denied by server configuration: C:/xampp/htdocs/
[Sat Oct 14 19:29:41.090446 2023] [authz_core:error] [pid 1220:tid 1684] [client 71.6.146.186:37874] AH01630: client denied by server configuration: C:/xampp/htdocs/robots.txt
[Sat Oct 14 19:29:42.326072 2023] [authz_core:error] [pid 1220:tid 1680] [client 71.6.146.186:38510] AH01630: client denied by server configuration: C:/xampp/htdocs/sitemap.xml
[Sat Oct 14 19:29:43.652914 2023] [authz_core:error] [pid 1220:tid 1504] [client 71.6.146.186:39222] AH01630: client denied by server configuration: C:/xampp/htdocs/.well-known
[Sat Oct 14 19:29:45.918553 2023] [authz_core:error] [pid 1220:tid 1684] [client 71.6.146.186:40208] AH01630: client denied by server configuration: C:/xampp/htdocs/favicon.ico
[Sat Oct 14 19:29:47.121679 2023] [authz_core:error] [pid 1220:tid 1680] [client 71.6.146.186:41116] AH01630: client denied by server configuration: C:/xampp/htdocs/favicon.ico
[Sat Oct 14 19:54:45.835274 2023] [authz_core:error] [pid 1220:tid 1684] [client 83.97.73.87:41574] AH01630: client denied by server configuration: C:/xampp/htdocs/actuator
[Sat Oct 14 19:58:05.856782 2023] [authz_core:error] [pid 1220:tid 1684] [client 34.78.168.169:35346] AH01630: client denied by server configuration: C:/xampp/htdocs/ews
[Sat Oct 14 21:05:57.203126 2023] [authz_core:error] [pid 1220:tid 1684] [client 170.64.212.206:39446] AH01630: client denied by server configuration: C:/xampp/htdocs/.git
[Sat Oct 14 21:24:53.059245 2023] [authz_core:error] [pid 1220:tid 1684] [client 162.243.147.4:39442] AH01630: client denied by server configuration: C:/xampp/htdocs/owa
[Sun Oct 15 00:37:55.028049 2023] [authz_core:error] [pid 1220:tid 1684] [client 46.101.196.154:33100] AH01630: client denied by server configuration: C:/xampp/htdocs/.git
[Sun Oct 15 00:41:48.332996 2023] [authz_core:error] [pid 1220:tid 1684] [client 109.237.97.180:54018] AH01630: client denied by server configuration: C:/xampp/htdocs/.env
[Sun Oct 15 01:18:09.299993 2023] [authz_core:error] [pid 1220:tid 1684] [client 94.102.61.70:43340] AH01630: client denied by server configuration: C:/xampp/htdocs/
[Sun Oct 15 02:09:11.731954 2023] [authz_core:error] [pid 1220:tid 1684] [client 94.61.108.93:10734] AH01630: client denied by server configuration: C:/xampp/htdocs/
[Sun Oct 15 04:28:39.738148 2023] [authz_core:error] [pid 1220:tid 1684] [client 170.64.212.206:58530] AH01630: client denied by server configuration: C:/xampp/htdocs/.git
[Sun Oct 15 06:33:04.744310 2023] [authz_core:error] [pid 1220:tid 1684] [client 92.118.39.109:37698] AH01630: client denied by server configuration: C:/xampp/htdocs/.git
[Sun Oct 15 06:52:40.848284 2023] [authz_core:error] [pid 1220:tid 1684] [client 103.14.26.208:42338] AH01630: client denied by server configuration: C:/xampp/htdocs/restore.php
[Sun Oct 15 07:19:14.382650 2023] [authz_core:error] [pid 1220:tid 1684] [client 185.233.19.191:53934] AH01630: client denied by server configuration: C:/xampp/htdocs/
[Sun Oct 15 09:11:23.005791 2023] [authz_core:error] [pid 1220:tid 1684] [client 192.241.195.40:57834] AH01630: client denied by server configuration: C:/xampp/htdocs/owa
[Sun Oct 15 09:22:51.458227 2023] [authz_core:error] [pid 1220:tid 1684] [client 170.64.212.206:34416] AH01630: client denied by server configuration: C:/xampp/htdocs/.git
[Sun Oct 15 09:34:28.608005 2023] [authz_core:error] [pid 1220:tid 1684] [client 192.241.195.48:58348] AH01630: client denied by server configuration: C:/xampp/htdocs/ecp
[Sun Oct 15 09:51:02.080595 2023] [authz_core:error] [pid 1220:tid 1684] [client 35.203.210.73:61072] AH01630: client denied by server configuration: C:/xampp/htdocs/
[Sun Oct 15 12:51:48.629943 2023] [authz_core:error] [pid 1220:tid 1684] [client 15.204.52.61:41541] AH01630: client denied by server configuration: C:/xampp/htdocs/
[Sun Oct 15 13:20:13.411823 2023] [php:error] [pid 1220:tid 1684] [client 103.14.26.208:44540] script 'C:/xampp/htdocs/nextjs/app/restore.php' not found or unable to stat
[Sun Oct 15 13:25:15.574414 2023] [authz_core:error] [pid 1220:tid 1684] [client 213.32.39.41:47145] AH01630: client denied by server configuration: C:/xampp/htdocs/
[Sun Oct 15 13:50:27.798913 2023] [authz_core:error] [pid 1220:tid 1684] [client 185.91.69.110:49490] AH01630: client denied by server configuration: C:/xampp/htdocs/
[Sun Oct 15 13:50:29.564541 2023] [authz_core:error] [pid 1220:tid 1684] [client 185.91.69.110:60312] AH01630: client denied by server configuration: C:/xampp/htdocs/
[Sun Oct 15 13:50:31.173948 2023] [authz_core:error] [pid 1220:tid 1684] [client 185.91.69.110:60314] AH01630: client denied by server configuration: C:/xampp/htdocs/
[Sun Oct 15 13:50:33.080167 2023] [authz_core:error] [pid 1220:tid 1684] [client 185.91.69.110:60316] AH01630: client denied by server configuration: C:/xampp/htdocs/WuEL
[Sun Oct 15 13:50:36.531343 2023] [authz_core:error] [pid 1220:tid 1680] [client 185.91.69.110:60336] AH01630: client denied by server configuration: C:/xampp/htdocs/a
[Sun Oct 15 13:50:38.609480 2023] [authz_core:error] [pid 1220:tid 1680] [client 185.91.69.110:60352] AH01630: client denied by server configuration: C:/xampp/htdocs/download
[Sun Oct 15 13:50:40.359462 2023] [authz_core:error] [pid 1220:tid 1680] [client 185.91.69.110:60470] AH01630: client denied by server configuration: C:/xampp/htdocs/SiteLoader
[Sun Oct 15 13:50:42.453209 2023] [authz_core:error] [pid 1220:tid 1680] [client 185.91.69.110:60478] AH01630: client denied by server configuration: C:/xampp/htdocs/mPlayer
[Sun Oct 15 13:50:44.156317 2023] [authz_core:error] [pid 1220:tid 1680] [client 185.91.69.110:60488] AH01630: client denied by server configuration: C:/xampp/htdocs/
[Sun Oct 15 13:57:30.629726 2023] [authz_core:error] [pid 1220:tid 1680] [client 109.237.98.226:34724] AH01630: client denied by server configuration: C:/xampp/htdocs/.env
[Sun Oct 15 14:11:05.040580 2023] [authz_core:error] [pid 1220:tid 1684] [client 104.248.52.153:34236] AH01630: client denied by server configuration: C:/xampp/phpMyAdmin/index.php
[Sun Oct 15 15:23:52.958158 2023] [authz_core:error] [pid 1220:tid 1684] [client 51.254.49.102:34777] AH01630: client denied by server configuration: C:/xampp/htdocs/
[Sun Oct 15 16:14:19.619530 2023] [authz_core:error] [pid 1220:tid 1684] [client 51.254.49.109:35397] AH01630: client denied by server configuration: C:/xampp/htdocs/
[Sun Oct 15 16:51:05.860806 2023] [authz_core:error] [pid 1220:tid 1680] [client 5.196.102.75:44573] AH01630: client denied by server configuration: C:/xampp/htdocs/favicon.ico
[Sun Oct 15 17:06:58.690776 2023] [authz_core:error] [pid 1220:tid 1684] [client 85.239.33.6:52996] AH01630: client denied by server configuration: C:/xampp/htdocs/
[Sun Oct 15 17:08:50.699906 2023] [authz_core:error] [pid 1220:tid 1684] [client 85.239.33.6:39578] AH01630: client denied by server configuration: C:/xampp/htdocs/.env
[Sun Oct 15 18:26:47.861020 2023] [authz_core:error] [pid 1220:tid 1684] [client 138.68.208.37:50134] AH01630: client denied by server configuration: C:/xampp/htdocs/login
[Sun Oct 15 18:31:50.773370 2023] [authz_core:error] [pid 1220:tid 1684] [client 107.170.240.31:39658] AH01630: client denied by server configuration: C:/xampp/htdocs/autodiscover
[Sun Oct 15 18:40:49.847386 2023] [authz_core:error] [pid 1220:tid 1684] [client 192.241.195.64:33696] AH01630: client denied by server configuration: C:/xampp/htdocs/
[Sun Oct 15 19:00:52.271692 2023] [authz_core:error] [pid 1220:tid 1684] [client 94.102.61.75:51188] AH01630: client denied by server configuration: C:/xampp/htdocs/
[Sun Oct 15 19:07:28.976538 2023] [authz_core:error] [pid 1220:tid 1684] [client 83.143.86.62:56258] AH01630: client denied by server configuration: C:/xampp/htdocs/
[Sun Oct 15 20:06:44.740117 2023] [authz_core:error] [pid 1220:tid 1680] [client 64.62.197.124:28219] AH01630: client denied by server configuration: C:/xampp/htdocs/
[Sun Oct 15 20:14:13.799313 2023] [authz_core:error] [pid 1220:tid 1684] [client 64.62.197.136:25753] AH01630: client denied by server configuration: C:/xampp/htdocs/dns-query
[Sun Oct 15 20:14:33.958723 2023] [authz_core:error] [pid 1220:tid 1684] [client 64.62.197.130:2559] AH01630: client denied by server configuration: C:/xampp/htdocs/
[Sun Oct 15 20:17:09.379639 2023] [authz_core:error] [pid 1220:tid 1684] [client 64.62.197.127:24053] AH01630: client denied by server configuration: C:/xampp/htdocs/geoserver
[Sun Oct 15 20:17:42.640071 2023] [authz_core:error] [pid 1220:tid 1684] [client 64.62.197.126:21315] AH01630: client denied by server configuration: C:/xampp/htdocs/.git
[Sun Oct 15 20:41:33.395784 2023] [authz_core:error] [pid 1220:tid 1684] [client 83.97.73.87:56400] AH01630: client denied by server configuration: C:/xampp/htdocs/
[Sun Oct 15 20:49:16.085738 2023] [authz_core:error] [pid 1220:tid 1684] [client 185.225.75.230:59974] AH01630: client denied by server configuration: C:/xampp/htdocs/.env
[Sun Oct 15 20:49:16.752846 2023] [authz_core:error] [pid 1220:tid 1684] [client 185.225.75.230:61578] AH01630: client denied by server configuration: C:/xampp/htdocs/
[Sun Oct 15 21:57:39.542940 2023] [authz_core:error] [pid 1220:tid 1684] [client 83.97.73.87:42626] AH01630: client denied by server configuration: C:/xampp/htdocs/actuator
[Sun Oct 15 22:20:35.199170 2023] [authz_core:error] [pid 1220:tid 1684] [client 92.118.39.109:55990] AH01630: client denied by server configuration: C:/xampp/htdocs/.git
[Mon Oct 16 00:42:51.309813 2023] [authz_core:error] [pid 1220:tid 1684] [client 167.248.133.38:42356] AH01630: client denied by server configuration: C:/xampp/htdocs/
[Mon Oct 16 00:42:51.950419 2023] [authz_core:error] [pid 1220:tid 1684] [client 167.248.133.38:50482] AH01630: client denied by server configuration: C:/xampp/htdocs/
[Mon Oct 16 01:50:19.875407 2023] [authz_core:error] [pid 1220:tid 1684] [client 34.77.127.183:58066] AH01630: client denied by server configuration: C:/xampp/htdocs/
[Mon Oct 16 01:55:14.647828 2023] [authz_core:error] [pid 1220:tid 1684] [client 34.88.193.244:27512] AH01630: client denied by server configuration: C:/xampp/htdocs/
[Mon Oct 16 03:10:48.362265 2023] [authz_core:error] [pid 1220:tid 1684] [client 8.209.68.21:41368] AH01630: client denied by server configuration: C:/xampp/htdocs/dns-query
[Mon Oct 16 03:34:54.996109 2023] [authz_core:error] [pid 1220:tid 1684] [client 8.209.68.21:39714] AH01630: client denied by server configuration: C:/xampp/htdocs/dns-query
[Mon Oct 16 05:35:41.412737 2023] [authz_core:error] [pid 1220:tid 1684] [client 107.170.247.37:39288] AH01630: client denied by server configuration: C:/xampp/htdocs/actuator
[Mon Oct 16 05:58:32.359079 2023] [authz_core:error] [pid 1220:tid 1684] [client 74.207.237.46:45368] AH01630: client denied by server configuration: C:/xampp/htdocs/
[Mon Oct 16 05:58:37.359083 2023] [authz_core:error] [pid 1220:tid 1684] [client 74.207.237.46:45466] AH01630: client denied by server configuration: C:/xampp/htdocs/
[Mon Oct 16 05:58:38.015330 2023] [authz_core:error] [pid 1220:tid 1684] [client 74.207.237.46:45472] AH01630: client denied by server configuration: C:/xampp/htdocs/.vscode
[Mon Oct 16 05:58:38.651395 2023] [authz_core:error] [pid 1220:tid 1680] [client 74.207.237.46:45486] AH01630: client denied by server configuration: C:/xampp/htdocs/about
[Mon Oct 16 05:58:39.307646 2023] [authz_core:error] [pid 1220:tid 1504] [client 74.207.237.46:45488] AH01630: client denied by server configuration: C:/xampp/htdocs/debug
[Mon Oct 16 05:58:39.963871 2023] [authz_core:error] [pid 1220:tid 1504] [client 74.207.237.46:45498] AH01630: client denied by server configuration: C:/xampp/htdocs/v2
[Mon Oct 16 05:58:40.604509 2023] [authz_core:error] [pid 1220:tid 1504] [client 74.207.237.46:45512] AH01630: client denied by server configuration: C:/xampp/htdocs/ecp
[Mon Oct 16 05:58:41.260767 2023] [authz_core:error] [pid 1220:tid 1684] [client 74.207.237.46:45520] AH01630: client denied by server configuration: C:/xampp/htdocs/server-status
[Mon Oct 16 05:58:41.260767 2023] [authz_core:error] [pid 1220:tid 1684] [client 74.207.237.46:45520] AH01630: client denied by server configuration: C:/xampp/htdocs/error
[Mon Oct 16 05:58:41.917021 2023] [authz_core:error] [pid 1220:tid 1680] [client 74.207.237.46:41678] AH01630: client denied by server configuration: C:/xampp/htdocs/login.action
[Mon Oct 16 05:58:42.557647 2023] [authz_core:error] [pid 1220:tid 1672] [client 74.207.237.46:41684] AH01630: client denied by server configuration: C:/xampp/htdocs/_all_dbs
[Mon Oct 16 05:58:43.213886 2023] [authz_core:error] [pid 1220:tid 1672] [client 74.207.237.46:41692] AH01630: client denied by server configuration: C:/xampp/htdocs/.DS_Store
[Mon Oct 16 05:58:43.870145 2023] [authz_core:error] [pid 1220:tid 1672] [client 74.207.237.46:41700] AH01630: client denied by server configuration: C:/xampp/htdocs/.env
[Mon Oct 16 05:58:44.526558 2023] [authz_core:error] [pid 1220:tid 1684] [client 74.207.237.46:41716] AH01630: client denied by server configuration: C:/xampp/htdocs/.git
[Mon Oct 16 05:58:45.182645 2023] [authz_core:error] [pid 1220:tid 1680] [client 74.207.237.46:41722] AH01630: client denied by server configuration: C:/xampp/htdocs/s
[Mon Oct 16 05:58:45.838893 2023] [authz_core:error] [pid 1220:tid 1504] [client 74.207.237.46:41730] AH01630: client denied by server configuration: C:/xampp/htdocs/config.json
[Mon Oct 16 05:58:46.510743 2023] [authz_core:error] [pid 1220:tid 1676] [client 74.207.237.46:41732] AH01630: client denied by server configuration: C:/xampp/htdocs/telescope
[Mon Oct 16 05:58:47.151390 2023] [authz_core:error] [pid 1220:tid 1672] [client 74.207.237.46:41746] AH01630: client denied by server configuration: C:/xampp/htdocs/
[Mon Oct 16 10:43:29.291328 2023] [authz_core:error] [pid 1220:tid 1684] [client 167.94.146.59:52032] AH01630: client denied by server configuration: C:/xampp/htdocs/
[Mon Oct 16 10:43:29.806950 2023] [authz_core:error] [pid 1220:tid 1684] [client 167.94.146.59:42458] AH01630: client denied by server configuration: C:/xampp/htdocs/
[Mon Oct 16 11:03:32.057692 2023] [authz_core:error] [pid 1220:tid 1684] [client 198.98.57.135:57452] AH01630: client denied by server configuration: C:/xampp/htdocs/, referer: https://zhongguovpn.com
[Mon Oct 16 12:07:26.262109 2023] [authz_core:error] [pid 1220:tid 1684] [client 216.218.206.68:17796] AH01630: client denied by server configuration: C:/xampp/htdocs/
[Mon Oct 16 12:09:13.724753 2023] [authz_core:error] [pid 1220:tid 1684] [client 37.9.1.162:64964] AH01630: client denied by server configuration: C:/xampp/htdocs/_profiler
[Mon Oct 16 12:09:14.365365 2023] [authz_core:error] [pid 1220:tid 1680] [client 37.9.1.162:65481] AH01630: client denied by server configuration: C:/xampp/htdocs/
[Mon Oct 16 12:09:15.037243 2023] [authz_core:error] [pid 1220:tid 1684] [client 37.9.1.162:49616] AH01630: client denied by server configuration: C:/xampp/htdocs/
[Mon Oct 16 12:09:16.521597 2023] [authz_core:error] [pid 1220:tid 1684] [client 37.9.1.162:50841] AH01630: client denied by server configuration: C:/xampp/htdocs/phpinfo
[Mon Oct 16 12:09:17.162230 2023] [authz_core:error] [pid 1220:tid 1684] [client 37.9.1.162:51475] AH01630: client denied by server configuration: C:/xampp/htdocs/
[Mon Oct 16 12:09:17.818529 2023] [authz_core:error] [pid 1220:tid 1684] [client 37.9.1.162:52181] AH01630: client denied by server configuration: C:/xampp/htdocs/
[Mon Oct 16 12:09:21.005990 2023] [authz_core:error] [pid 1220:tid 1684] [client 37.9.1.162:55411] AH01630: client denied by server configuration: C:/xampp/htdocs/php.ini
[Mon Oct 16 12:09:21.677865 2023] [authz_core:error] [pid 1220:tid 1684] [client 37.9.1.162:56220] AH01630: client denied by server configuration: C:/xampp/htdocs/
[Mon Oct 16 12:09:22.443640 2023] [authz_core:error] [pid 1220:tid 1684] [client 37.9.1.162:57074] AH01630: client denied by server configuration: C:/xampp/htdocs/
[Mon Oct 16 12:09:25.130995 2023] [authz_core:error] [pid 1220:tid 1684] [client 37.9.1.162:59716] AH01630: client denied by server configuration: C:/xampp/htdocs/phpinfo.php
[Mon Oct 16 12:09:25.906968 2023] [authz_core:error] [pid 1220:tid 1684] [client 37.9.1.162:60489] AH01630: client denied by server configuration: C:/xampp/htdocs/
[Mon Oct 16 12:09:26.672699 2023] [authz_core:error] [pid 1220:tid 1680] [client 37.9.1.162:61386] AH01630: client denied by server configuration: C:/xampp/htdocs/
[Mon Oct 16 12:09:28.547576 2023] [php:error] [pid 1220:tid 1684] [client 37.9.1.162:63745] script 'C:/xampp/htdocs/nextjs/app/phpinfo.php' not found or unable to stat
[Mon Oct 16 12:09:28.625691 2023] [authz_core:error] [pid 1220:tid 1680] [client 37.9.1.162:63527] AH01630: client denied by server configuration: C:/xampp/htdocs/index.php
[Mon Oct 16 12:09:29.235196 2023] [authz_core:error] [pid 1220:tid 1684] [client 37.9.1.162:64334] AH01630: client denied by server configuration: C:/xampp/htdocs/
[Mon Oct 16 12:09:30.000713 2023] [authz_core:error] [pid 1220:tid 1680] [client 37.9.1.162:65019] AH01630: client denied by server configuration: C:/xampp/htdocs/
[Mon Oct 16 12:09:30.610092 2023] [php:error] [pid 1220:tid 1680] [client 37.9.1.162:49861] script 'C:/xampp/htdocs/nextjs/app/index.php' not found or unable to stat
[Mon Oct 16 12:09:32.578845 2023] [authz_core:error] [pid 1220:tid 1680] [client 37.9.1.162:51581] AH01630: client denied by server configuration: C:/xampp/htdocs/php-info
[Mon Oct 16 12:09:33.297572 2023] [authz_core:error] [pid 1220:tid 1680] [client 37.9.1.162:52266] AH01630: client denied by server configuration: C:/xampp/htdocs/
[Mon Oct 16 12:09:34.094462 2023] [authz_core:error] [pid 1220:tid 1680] [client 37.9.1.162:53125] AH01630: client denied by server configuration: C:/xampp/htdocs/
[Mon Oct 16 12:09:35.750707 2023] [authz_core:error] [pid 1220:tid 1684] [client 37.9.1.162:55039] AH01630: client denied by server configuration: C:/xampp/htdocs/temp.php
[Mon Oct 16 12:09:36.547592 2023] [authz_core:error] [pid 1220:tid 1684] [client 37.9.1.162:55864] AH01630: client denied by server configuration: C:/xampp/htdocs/
[Mon Oct 16 12:09:37.235078 2023] [authz_core:error] [pid 1220:tid 1684] [client 37.9.1.162:56651] AH01630: client denied by server configuration: C:/xampp/htdocs/
[Mon Oct 16 12:09:38.344456 2023] [php:error] [pid 1220:tid 1684] [client 37.9.1.162:58181] script 'C:/xampp/htdocs/nextjs/app/temp.php' not found or unable to stat
[Mon Oct 16 12:09:41.594473 2023] [authz_core:error] [pid 1220:tid 1684] [client 37.9.1.162:61438] AH01630: client denied by server configuration: C:/xampp/htdocs/phpinfo
[Mon Oct 16 12:09:42.313213 2023] [authz_core:error] [pid 1220:tid 1684] [client 37.9.1.162:62505] AH01630: client denied by server configuration: C:/xampp/htdocs/
[Mon Oct 16 12:09:43.047572 2023] [authz_core:error] [pid 1220:tid 1680] [client 37.9.1.162:63190] AH01630: client denied by server configuration: C:/xampp/htdocs/
[Mon Oct 16 12:09:45.328859 2023] [php:error] [pid 1220:tid 1680] [client 37.9.1.162:50170] script 'C:/xampp/htdocs/nextjs/app/info.php' not found or unable to stat
[Mon Oct 16 12:09:45.844452 2023] [authz_core:error] [pid 1220:tid 1680] [client 37.9.1.162:50452] AH01630: client denied by server configuration: C:/xampp/htdocs/info.php
[Mon Oct 16 12:09:46.531973 2023] [authz_core:error] [pid 1220:tid 1684] [client 37.9.1.162:51176] AH01630: client denied by server configuration: C:/xampp/htdocs/
[Mon Oct 16 12:09:47.203837 2023] [authz_core:error] [pid 1220:tid 1684] [client 37.9.1.162:52189] AH01630: client denied by server configuration: C:/xampp/htdocs/
[Mon Oct 16 12:09:48.594464 2023] [authz_core:error] [pid 1220:tid 1684] [client 37.9.1.162:54045] AH01630: client denied by server configuration: C:/xampp/htdocs/dashboard/phpinfo.php
[Mon Oct 16 12:09:49.250710 2023] [authz_core:error] [pid 1220:tid 1684] [client 37.9.1.162:54798] AH01630: client denied by server configuration: C:/xampp/htdocs/
[Mon Oct 16 12:09:50.453845 2023] [authz_core:error] [pid 1220:tid 1680] [client 37.9.1.162:55495] AH01630: client denied by server configuration: C:/xampp/htdocs/
[Mon Oct 16 12:09:53.875717 2023] [authz_core:error] [pid 1220:tid 1684] [client 37.9.1.162:59795] AH01630: client denied by server configuration: C:/xampp/htdocs/wp-config.php-backup
[Mon Oct 16 12:09:54.578827 2023] [authz_core:error] [pid 1220:tid 1684] [client 37.9.1.162:60673] AH01630: client denied by server configuration: C:/xampp/htdocs/
[Mon Oct 16 12:09:55.344499 2023] [authz_core:error] [pid 1220:tid 1680] [client 37.9.1.162:61398] AH01630: client denied by server configuration: C:/xampp/htdocs/
[Mon Oct 16 12:09:56.625718 2023] [authz_core:error] [pid 1220:tid 1680] [client 37.9.1.162:62765] AH01630: client denied by server configuration: C:/xampp/htdocs/frontend_dev.php
[Mon Oct 16 12:09:57.308380 2023] [authz_core:error] [pid 1220:tid 1680] [client 37.9.1.162:63540] AH01630: client denied by server configuration: C:/xampp/htdocs/
[Mon Oct 16 12:09:58.068514 2023] [authz_core:error] [pid 1220:tid 1680] [client 37.9.1.162:64723] AH01630: client denied by server configuration: C:/xampp/htdocs/
[Mon Oct 16 12:09:59.990405 2023] [php:error] [pid 1220:tid 1680] [client 37.9.1.162:50996] script 'C:/xampp/htdocs/nextjs/app/frontend_dev.php' not found or unable to stat
[Mon Oct 16 12:10:02.568535 2023] [authz_core:error] [pid 1220:tid 1680] [client 37.9.1.162:53880] AH01630: client denied by server configuration: C:/xampp/htdocs/admin
[Mon Oct 16 12:10:03.256014 2023] [authz_core:error] [pid 1220:tid 1684] [client 37.9.1.162:54693] AH01630: client denied by server configuration: C:/xampp/htdocs/
[Mon Oct 16 12:10:03.865381 2023] [authz_core:error] [pid 1220:tid 1680] [client 37.9.1.162:55556] AH01630: client denied by server configuration: C:/xampp/htdocs/
[Mon Oct 16 12:10:08.052901 2023] [authz_core:error] [pid 1220:tid 1680] [client 37.9.1.162:60170] AH01630: client denied by server configuration: C:/xampp/htdocs/wp-config.phpold
[Mon Oct 16 12:10:08.709164 2023] [authz_core:error] [pid 1220:tid 1684] [client 37.9.1.162:61088] AH01630: client denied by server configuration: C:/xampp/htdocs/
[Mon Oct 16 12:10:09.365399 2023] [authz_core:error] [pid 1220:tid 1680] [client 37.9.1.162:61921] AH01630: client denied by server configuration: C:/xampp/htdocs/
[Mon Oct 16 12:10:11.396655 2023] [authz_core:error] [pid 1220:tid 1680] [client 37.9.1.162:65124] AH01630: client denied by server configuration: C:/xampp/htdocs/wp-config.php.bak
[Mon Oct 16 12:10:12.177909 2023] [authz_core:error] [pid 1220:tid 1680] [client 37.9.1.162:50430] AH01630: client denied by server configuration: C:/xampp/htdocs/
[Mon Oct 16 12:10:12.865398 2023] [authz_core:error] [pid 1220:tid 1680] [client 37.9.1.162:51618] AH01630: client denied by server configuration: C:/xampp/htdocs/
[Mon Oct 16 12:10:15.959157 2023] [authz_core:error] [pid 1220:tid 1680] [client 37.9.1.162:56716] AH01630: client denied by server configuration: C:/xampp/htdocs/wp-config.php~
[Mon Oct 16 12:10:16.740407 2023] [authz_core:error] [pid 1220:tid 1680] [client 37.9.1.162:57846] AH01630: client denied by server configuration: C:/xampp/htdocs/
[Mon Oct 16 12:10:17.552907 2023] [authz_core:error] [pid 1220:tid 1680] [client 37.9.1.162:59052] AH01630: client denied by server configuration: C:/xampp/htdocs/
[Mon Oct 16 12:10:20.459152 2023] [authz_core:error] [pid 1220:tid 1680] [client 37.9.1.162:64371] AH01630: client denied by server configuration: C:/xampp/htdocs/wp-config.php.orig
[Mon Oct 16 12:10:21.224775 2023] [authz_core:error] [pid 1220:tid 1680] [client 37.9.1.162:49408] AH01630: client denied by server configuration: C:/xampp/htdocs/
[Mon Oct 16 12:10:21.990401 2023] [authz_core:error] [pid 1220:tid 1680] [client 37.9.1.162:50490] AH01630: client denied by server configuration: C:/xampp/htdocs/
[Mon Oct 16 12:10:24.131038 2023] [php:error] [pid 1220:tid 1680] [client 37.9.1.162:54339] script 'C:/xampp/htdocs/nextjs/app/wp-config.php' not found or unable to stat
[Mon Oct 16 12:10:27.209130 2023] [authz_core:error] [pid 1220:tid 1680] [client 37.9.1.162:58823] AH01630: client denied by server configuration: C:/xampp/htdocs/wp-config.php
[Mon Oct 16 12:10:27.873642 2023] [authz_core:error] [pid 1220:tid 1680] [client 37.9.1.162:59907] AH01630: client denied by server configuration: C:/xampp/htdocs/
[Mon Oct 16 12:10:28.529892 2023] [authz_core:error] [pid 1220:tid 1680] [client 37.9.1.162:61369] AH01630: client denied by server configuration: C:/xampp/htdocs/
[Mon Oct 16 12:10:31.373637 2023] [authz_core:error] [pid 1220:tid 1680] [client 37.9.1.162:52583] AH01630: client denied by server configuration: C:/xampp/htdocs/wp-config.php.original
[Mon Oct 16 12:10:32.076740 2023] [authz_core:error] [pid 1220:tid 1684] [client 37.9.1.162:54401] AH01630: client denied by server configuration: C:/xampp/htdocs/
[Mon Oct 16 12:10:32.717377 2023] [authz_core:error] [pid 1220:tid 1680] [client 37.9.1.162:55563] AH01630: client denied by server configuration: C:/xampp/htdocs/
[Mon Oct 16 12:10:34.826749 2023] [authz_core:error] [pid 1220:tid 1684] [client 37.9.1.162:60700] AH01630: client denied by server configuration: C:/xampp/htdocs/wp-config.php1
[Mon Oct 16 12:10:35.483024 2023] [authz_core:error] [pid 1220:tid 1680] [client 37.9.1.162:61978] AH01630: client denied by server configuration: C:/xampp/htdocs/
[Mon Oct 16 12:10:36.233007 2023] [authz_core:error] [pid 1220:tid 1680] [client 37.9.1.162:63015] AH01630: client denied by server configuration: C:/xampp/htdocs/
[Mon Oct 16 12:10:38.998633 2023] [authz_core:error] [pid 1220:tid 1680] [client 37.9.1.162:51641] AH01630: client denied by server configuration: C:/xampp/htdocs/.wp-config.php.swp
[Mon Oct 16 12:10:39.639238 2023] [authz_core:error] [pid 1220:tid 1680] [client 37.9.1.162:53078] AH01630: client denied by server configuration: C:/xampp/htdocs/
[Mon Oct 16 12:10:40.311136 2023] [authz_core:error] [pid 1220:tid 1684] [client 37.9.1.162:54931] AH01630: client denied by server configuration: C:/xampp/htdocs/
[Mon Oct 16 12:10:42.154890 2023] [authz_core:error] [pid 1220:tid 1684] [client 37.9.1.162:60712] AH01630: client denied by server configuration: C:/xampp/htdocs/wp-config.php.save
[Mon Oct 16 12:10:42.920501 2023] [authz_core:error] [pid 1220:tid 1684] [client 37.9.1.162:62618] AH01630: client denied by server configuration: C:/xampp/htdocs/
[Mon Oct 16 12:10:43.670505 2023] [authz_core:error] [pid 1220:tid 1684] [client 37.9.1.162:64930] AH01630: client denied by server configuration: C:/xampp/htdocs/
[Mon Oct 16 12:17:32.197804 2023] [authz_core:error] [pid 1220:tid 1684] [client 216.218.206.68:13392] AH01630: client denied by server configuration: C:/xampp/htdocs/
[Mon Oct 16 12:21:24.801239 2023] [authz_core:error] [pid 1220:tid 1684] [client 216.218.206.68:28114] AH01630: client denied by server configuration: C:/xampp/htdocs/geoserver
[Mon Oct 16 12:22:23.922413 2023] [authz_core:error] [pid 1220:tid 1684] [client 216.218.206.68:50152] AH01630: client denied by server configuration: C:/xampp/htdocs/.git
[Mon Oct 16 13:07:08.512611 2023] [authz_core:error] [pid 1220:tid 1684] [client 103.121.39.54:59204] AH01630: client denied by server configuration: C:/xampp/htdocs/
[Mon Oct 16 13:07:11.950115 2023] [authz_core:error] [pid 1220:tid 1684] [client 103.121.39.54:59206] AH01630: client denied by server configuration: C:/xampp/htdocs/.env
[Mon Oct 16 13:07:15.231365 2023] [authz_core:error] [pid 1220:tid 1684] [client 103.121.39.54:59214] AH01630: client denied by server configuration: C:/xampp/htdocs/109.123.233.241
[Mon Oct 16 13:07:19.621976 2023] [authz_core:error] [pid 1220:tid 1684] [client 103.121.39.54:59222] AH01630: client denied by server configuration: C:/xampp/htdocs/vendor
[Mon Oct 16 13:07:22.874843 2023] [authz_core:error] [pid 1220:tid 1684] [client 103.121.39.54:59228] AH01630: client denied by server configuration: C:/xampp/htdocs/109.123.233.241
[Mon Oct 16 13:07:26.343243 2023] [authz_core:error] [pid 1220:tid 1684] [client 103.121.39.54:59240] AH01630: client denied by server configuration: C:/xampp/htdocs/admin
[Mon Oct 16 13:07:30.265136 2023] [authz_core:error] [pid 1220:tid 1684] [client 103.121.39.54:59250] AH01630: client denied by server configuration: C:/xampp/htdocs/109.123.233.241
[Mon Oct 16 13:07:32.875053 2023] [authz_core:error] [pid 1220:tid 1684] [client 103.121.39.54:59272] AH01630: client denied by server configuration: C:/xampp/htdocs/vendor
[Mon Oct 16 14:47:44.729390 2023] [authz_core:error] [pid 1220:tid 1684] [client 162.216.149.29:61156] AH01630: client denied by server configuration: C:/xampp/htdocs/
[Mon Oct 16 15:24:06.776689 2023] [authz_core:error] [pid 1220:tid 1684] [client 152.32.216.172:47316] AH01630: client denied by server configuration: C:/xampp/htdocs/
[Mon Oct 16 15:24:08.011059 2023] [authz_core:error] [pid 1220:tid 1680] [client 162.243.136.67:32874] AH01630: client denied by server configuration: C:/xampp/htdocs/version
[Mon Oct 16 15:24:13.089193 2023] [authz_core:error] [pid 1220:tid 1684] [client 152.32.216.172:52970] AH01630: client denied by server configuration: C:/xampp/htdocs/favicon.ico
[Mon Oct 16 15:24:14.011069 2023] [authz_core:error] [pid 1220:tid 1680] [client 152.32.216.172:53670] AH01630: client denied by server configuration: C:/xampp/htdocs/robots.txt
[Mon Oct 16 15:24:15.182926 2023] [authz_core:error] [pid 1220:tid 1504] [client 152.32.216.172:54560] AH01630: client denied by server configuration: C:/xampp/htdocs/sitemap.xml
[Mon Oct 16 15:25:11.321814 2023] [authz_core:error] [pid 1220:tid 1672] [client 34.90.229.202:40266] AH01630: client denied by server configuration: C:/xampp/htdocs/
[Mon Oct 16 16:19:18.675538 2023] [authz_core:error] [pid 1220:tid 1684] [client 185.100.87.136:55220] AH01630: client denied by server configuration: C:/xampp/htdocs/ajax
[Mon Oct 16 16:27:38.106022 2023] [authz_core:error] [pid 1220:tid 1684] [client 167.94.138.51:39556] AH01630: client denied by server configuration: C:/xampp/htdocs/
[Mon Oct 16 16:27:38.840391 2023] [authz_core:error] [pid 1220:tid 1684] [client 167.94.138.51:49792] AH01630: client denied by server configuration: C:/xampp/htdocs/
[Mon Oct 16 18:24:23.020620 2023] [authz_core:error] [pid 1220:tid 1684] [client 87.236.176.229:33959] AH01630: client denied by server configuration: C:/xampp/htdocs/
[Mon Oct 16 20:08:46.437885 2023] [authz_core:error] [pid 1220:tid 1684] [client 109.237.97.180:37510] AH01630: client denied by server configuration: C:/xampp/htdocs/.env
[Mon Oct 16 20:55:43.015898 2023] [authz_core:error] [pid 1220:tid 1684] [client 170.64.204.47:52178] AH01630: client denied by server configuration: C:/xampp/htdocs/.git
[Mon Oct 16 21:45:42.200482 2023] [authz_core:error] [pid 1220:tid 1684] [client 192.241.223.4:38770] AH01630: client denied by server configuration: C:/xampp/htdocs/owa
[Mon Oct 16 22:19:18.885105 2023] [authz_core:error] [pid 1220:tid 1684] [client 83.97.73.87:60924] AH01630: client denied by server configuration: C:/xampp/htdocs/
[Mon Oct 16 23:26:08.609441 2023] [authz_core:error] [pid 1220:tid 1684] [client 83.97.73.87:51956] AH01630: client denied by server configuration: C:/xampp/htdocs/actuator
[Tue Oct 17 00:25:08.134129 2023] [authz_core:error] [pid 1220:tid 1684] [client 208.100.26.231:39778] AH01630: client denied by server configuration: C:/xampp/htdocs/
[Tue Oct 17 00:27:01.268537 2023] [authz_core:error] [pid 1220:tid 1680] [client 208.100.26.231:47936] AH01630: client denied by server configuration: C:/xampp/htdocs/nmaplowercheck1697473607
[Tue Oct 17 00:27:01.268537 2023] [authz_core:error] [pid 1220:tid 1684] [client 208.100.26.231:47930] AH01630: client denied by server configuration: C:/xampp/htdocs/
[Tue Oct 17 00:27:01.706058 2023] [authz_core:error] [pid 1220:tid 1504] [client 208.100.26.231:47952] AH01630: client denied by server configuration: C:/xampp/htdocs/
[Tue Oct 17 00:27:02.643556 2023] [authz_core:error] [pid 1220:tid 1672] [client 208.100.26.231:47960] AH01630: client denied by server configuration: C:/xampp/htdocs/sdk
[Tue Oct 17 00:27:03.502932 2023] [authz_core:error] [pid 1220:tid 1680] [client 208.100.26.231:47966] AH01630: client denied by server configuration: C:/xampp/htdocs/
[Tue Oct 17 00:27:03.784173 2023] [authz_core:error] [pid 1220:tid 1676] [client 208.100.26.231:47992] AH01630: client denied by server configuration: C:/xampp/htdocs/
[Tue Oct 17 00:27:04.440432 2023] [authz_core:error] [pid 1220:tid 1504] [client 208.100.26.231:48010] AH01630: client denied by server configuration: C:/xampp/htdocs/HNAP1
[Tue Oct 17 00:27:04.502930 2023] [authz_core:error] [pid 1220:tid 1672] [client 208.100.26.231:47998] AH01630: client denied by server configuration: C:/xampp/htdocs/evox
[Tue Oct 17 00:40:43.886025 2023] [authz_core:error] [pid 1220:tid 1628] [client 81.29.135.120:60632] AH01630: client denied by server configuration: C:/xampp/htdocs/
[Tue Oct 17 00:46:08.666321 2023] [php:error] [pid 1220:tid 1628] [client 5.188.210.227:39808] script 'C:/xampp/htdocs/nextjs/app/echo.php' not found or unable to stat, referer: https://www.google.com/
[Tue Oct 17 00:53:15.462055 2023] [authz_core:error] [pid 1220:tid 1628] [client 103.14.26.208:48560] AH01630: client denied by server configuration: C:/xampp/htdocs/restore.php
[Tue Oct 17 01:01:24.748312 2023] [authz_core:error] [pid 1220:tid 1680] [client 103.149.192.83:33401] AH01630: client denied by server configuration: C:/xampp/htdocs/
[Tue Oct 17 03:50:08.974551 2023] [authz_core:error] [pid 1220:tid 1684] [client 192.241.208.60:48208] AH01630: client denied by server configuration: C:/xampp/htdocs/autodiscover
[Tue Oct 17 04:11:27.843320 2023] [authz_core:error] [pid 1220:tid 1684] [client 107.170.232.56:60054] AH01630: client denied by server configuration: C:/xampp/htdocs/
[Tue Oct 17 08:42:42.327005 2023] [authz_core:error] [pid 1220:tid 1680] [client 164.52.0.93:60035] AH01630: client denied by server configuration: C:/xampp/htdocs/
[Tue Oct 17 08:42:45.576997 2023] [authz_core:error] [pid 1220:tid 1680] [client 164.52.0.93:60035] AH01630: client denied by server configuration: C:/xampp/htdocs/
[Tue Oct 17 08:42:48.889501 2023] [authz_core:error] [pid 1220:tid 1680] [client 164.52.0.93:56933] AH01630: client denied by server configuration: C:/xampp/htdocs/favicon.ico
[Tue Oct 17 08:42:51.994168 2023] [authz_core:error] [pid 1220:tid 1680] [client 164.52.0.93:56933] AH01630: client denied by server configuration: C:/xampp/htdocs/favicon.ico
[Tue Oct 17 10:31:02.126767 2023] [authz_core:error] [pid 1220:tid 1684] [client 109.237.98.226:54762] AH01630: client denied by server configuration: C:/xampp/htdocs/.env
[Tue Oct 17 10:37:19.702910 2023] [authz_core:error] [pid 1220:tid 1684] [client 104.248.130.34:36668] AH01630: client denied by server configuration: C:/xampp/htdocs/Temporary_Listen_Addresses
[Tue Oct 17 10:37:20.452909 2023] [authz_core:error] [pid 1220:tid 1684] [client 104.248.130.34:36670] AH01630: client denied by server configuration: C:/xampp/htdocs/ews
[Tue Oct 17 10:37:21.249795 2023] [authz_core:error] [pid 1220:tid 1684] [client 104.248.130.34:36686] AH01630: client denied by server configuration: C:/xampp/htdocs/ews
[Tue Oct 17 10:37:21.968542 2023] [authz_core:error] [pid 1220:tid 1684] [client 104.248.130.34:36688] AH01630: client denied by server configuration: C:/xampp/htdocs/ews
[Tue Oct 17 10:37:22.640414 2023] [core:error] [pid 1220:tid 1684] (20024)The given path is misformatted or contained invalid characters: [client 104.248.130.34:36690] AH00127: Cannot map GET /ews/%20/ HTTP/1.1 to file
[Tue Oct 17 10:37:23.359172 2023] [authz_core:error] [pid 1220:tid 1680] [client 104.248.130.34:36696] AH01630: client denied by server configuration: C:/xampp/htdocs/ews
[Tue Oct 17 10:37:24.140417 2023] [authz_core:error] [pid 1220:tid 1680] [client 104.248.130.34:36702] AH01630: client denied by server configuration: C:/xampp/htdocs/ews
[Tue Oct 17 10:37:24.890409 2023] [authz_core:error] [pid 1220:tid 1680] [client 104.248.130.34:36704] AH01630: client denied by server configuration: C:/xampp/htdocs/autodiscover
[Tue Oct 17 10:37:25.702910 2023] [authz_core:error] [pid 1220:tid 1680] [client 104.248.130.34:36714] AH01630: client denied by server configuration: C:/xampp/htdocs/autodiscover
[Tue Oct 17 10:37:26.374774 2023] [authz_core:error] [pid 1220:tid 1680] [client 104.248.130.34:36716] AH01630: client denied by server configuration: C:/xampp/htdocs/autodiscover
[Tue Oct 17 11:49:11.645799 2023] [authz_core:error] [pid 1220:tid 1684] [client 94.102.61.75:39492] AH01630: client denied by server configuration: C:/xampp/htdocs/
[Tue Oct 17 12:43:55.763128 2023] [authz_core:error] [pid 1220:tid 1684] [client 162.221.192.26:35342] AH01630: client denied by server configuration: C:/xampp/htdocs/
[Tue Oct 17 12:45:02.541141 2023] [authz_core:error] [pid 1220:tid 1684] [client 192.241.234.19:50568] AH01630: client denied by server configuration: C:/xampp/htdocs/autodiscover
[Tue Oct 17 13:31:28.122099 2023] [authz_core:error] [pid 1220:tid 1684] [client 37.9.1.162:49239] AH01630: client denied by server configuration: C:/xampp/htdocs/
[Tue Oct 17 13:31:29.325240 2023] [authz_core:error] [pid 1220:tid 1684] [client 37.9.1.162:49973] AH01630: client denied by server configuration: C:/xampp/htdocs/.env
