[Wed Mar 22 17:06:25.815190 2023] [ssl:warn] [pid 4812:tid 272] AH01909: www.example.com:443:0 server certificate does NOT include an ID which matches the server name
[Wed Mar 22 17:06:25.846443 2023] [ssl:warn] [pid 4812:tid 272] AH01909: www.example.com:443:0 server certificate does NOT include an ID which matches the server name
[Wed Mar 22 17:06:25.893332 2023] [mpm_winnt:notice] [pid 4812:tid 272] AH00455: Apache/2.4.54 (Win64) OpenSSL/1.1.1p PHP/8.2.0 configured -- resuming normal operations
[Wed Mar 22 17:06:25.893332 2023] [mpm_winnt:notice] [pid 4812:tid 272] AH00456: Apache Lounge VS16 Server built: Jun 22 2022 09:58:15
[Wed Mar 22 17:06:25.893332 2023] [core:notice] [pid 4812:tid 272] AH00094: Command line: 'c:\\xampp\\apache\\bin\\httpd.exe -d C:/xampp/apache'
[Wed Mar 22 17:06:25.893332 2023] [mpm_winnt:notice] [pid 4812:tid 272] AH00418: Parent: Created child process 4692
[Wed Mar 22 17:06:26.049568 2023] [ssl:warn] [pid 4692:tid 276] AH01909: www.example.com:443:0 server certificate does NOT include an ID which matches the server name
[Wed Mar 22 17:06:26.080809 2023] [ssl:warn] [pid 4692:tid 276] AH01909: www.example.com:443:0 server certificate does NOT include an ID which matches the server name
[Wed Mar 22 17:06:26.112061 2023] [mpm_winnt:notice] [pid 4692:tid 276] AH00354: Child: Starting 150 worker threads.
[Thu Mar 23 00:46:27.492059 2023] [core:error] [pid 4692:tid 1536] [client 194.55.224.203:54342] AH10244: invalid URI path (/cgi-bin/.%%%%32%%65/.%%%%32%%65/.%%%%32%%65/.%%%%32%%65/.%%%%32%%65/bin/sh)
[Thu Mar 23 00:57:46.275124 2023] [cgi:error] [pid 4692:tid 1536] [client 178.72.68.248:20909] AH02811: script not found or unable to stat: C:/xampp/htdocs/setup.cgi
[Thu Mar 23 02:07:49.329263 2023] [php:warn] [pid 4692:tid 1536] [client 78.128.114.26:60000] PHP Warning: Undefined array key "HTTP_HOST" in C:\\xampp\\htdocs\\index.php on line 7
[Thu Mar 23 20:34:59.475226 2023] [php:error] [pid 4692:tid 1536] [client 206.189.233.82:54010] script 'C:/xampp/htdocs/upl.php' not found or unable to stat
[Fri Mar 24 01:21:16.276086 2023] [php:warn] [pid 4692:tid 1704] [client 104.152.52.226:52069] PHP Warning: Undefined array key "HTTP_HOST" in C:\\xampp\\htdocs\\index.php on line 7
[Fri Mar 24 08:52:13.908177 2023] [php:warn] [pid 4692:tid 1536] [client 77.223.118.103:40957] PHP Warning: Undefined array key "HTTP_HOST" in C:\\xampp\\htdocs\\index.php on line 7
[Fri Mar 24 13:06:19.022346 2023] [ssl:error] [pid 4692:tid 1536] [client 52.203.123.178:46458] AH02042: rejecting client initiated renegotiation
[Fri Mar 24 13:27:01.390347 2023] [ssl:error] [pid 4692:tid 1536] [client 54.235.231.33:42408] AH02042: rejecting client initiated renegotiation
[Fri Mar 24 14:41:42.661650 2023] [core:error] [pid 4692:tid 1536] [client 152.89.196.54:49576] AH10244: invalid URI path (/cgi-bin/.%2e/.%2e/.%2e/.%2e/bin/sh)
[Fri Mar 24 14:58:17.230878 2023] [php:error] [pid 4692:tid 1704] [client 159.65.42.55:59286] script 'C:/xampp/htdocs/upl.php' not found or unable to stat
[Fri Mar 24 15:34:24.750124 2023] [php:warn] [pid 4692:tid 1536] [client 205.210.31.9:53017] PHP Warning: Undefined array key "HTTP_HOST" in C:\\xampp\\htdocs\\index.php on line 7
[Fri Mar 24 20:48:20.271364 2023] [core:error] [pid 4692:tid 1536] [client 152.89.196.54:45930] AH10244: invalid URI path (/cgi-bin/.%2e/.%2e/.%2e/.%2e/bin/sh)
[Sat Mar 25 02:58:47.286234 2023] [php:error] [pid 4692:tid 1536] [client 170.64.164.38:33990] script 'C:/xampp/htdocs/upl.php' not found or unable to stat
[Sat Mar 25 16:14:07.935669 2023] [core:error] [pid 4692:tid 1536] [client 78.128.114.14:45154] AH10244: invalid URI path (/cgi-bin/.%%%%32%%65/.%%%%32%%65/.%%%%32%%65/.%%%%32%%65/.%%%%32%%65/bin/sh)
[Sat Mar 25 19:09:26.266186 2023] [core:error] [pid 4692:tid 1536] [client 194.55.224.203:44720] AH10244: invalid URI path (/cgi-bin/.%%%%32%%65/.%%%%32%%65/.%%%%32%%65/.%%%%32%%65/.%%%%32%%65/bin/sh)
[Sat Mar 25 20:12:24.637874 2023] [php:error] [pid 4692:tid 1536] [client 67.205.175.98:34256] script 'C:/xampp/htdocs/upl.php' not found or unable to stat
[Sun Mar 26 08:38:03.256522 2023] [php:error] [pid 4692:tid 1536] [client 5.188.210.227:48759] script 'C:/xampp/htdocs/echo.php' not found or unable to stat, referer: https://www.google.com/
[Sun Mar 26 13:41:57.591532 2023] [authz_core:error] [pid 4692:tid 1704] [client 92.44.79.172:52210] AH01630: client denied by server configuration: C:/xampp/phpMyAdmin/index.php
[Sun Mar 26 13:42:14.279053 2023] [authz_core:error] [pid 4692:tid 1704] [client 92.44.79.172:52210] AH01630: client denied by server configuration: C:/xampp/phpMyAdmin/index.php
[Mon Mar 27 14:05:10.856706 2023] [php:error] [pid 4692:tid 1536] [client 35.216.169.119:43714] script 'C:/xampp/htdocs/info.php' not found or unable to stat
[Mon Mar 27 14:05:11.481706 2023] [authz_core:error] [pid 4692:tid 1536] [client 35.216.169.119:43726] AH01630: client denied by server configuration: C:/xampp/htdocs/server-status
[Mon Mar 27 15:45:01.638952 2023] [php:error] [pid 4692:tid 1536] [client 159.89.118.173:50054] script 'C:/xampp/htdocs/upl.php' not found or unable to stat
[Mon Mar 27 22:19:20.012775 2023] [authz_core:error] [pid 4692:tid 1704] [client 163.5.143.81:57719] AH01630: client denied by server configuration: C:/xampp/phpMyAdmin/index.php
[Mon Mar 27 22:19:20.200276 2023] [authz_core:error] [pid 4692:tid 1536] [client 163.5.143.81:58439] AH01630: client denied by server configuration: C:/xampp/phpMyAdmin/index.php
[Tue Mar 28 12:35:29.608693 2023] [core:error] [pid 4692:tid 1536] [client 194.55.224.203:56140] AH10244: invalid URI path (/cgi-bin/.%%%%32%%65/.%%%%32%%65/.%%%%32%%65/.%%%%32%%65/.%%%%32%%65/bin/sh)
[Tue Mar 28 15:02:53.558347 2023] [php:error] [pid 4692:tid 1636] [client 170.64.182.61:33114] script 'C:/xampp/htdocs/upl.php' not found or unable to stat
[Tue Mar 28 23:18:44.195904 2023] [php:warn] [pid 4692:tid 1528] [client 205.210.31.186:52599] PHP Warning: Undefined array key "HTTP_HOST" in C:\\xampp\\htdocs\\index.php on line 7
[Wed Mar 29 00:05:22.263804 2023] [cgi:error] [pid 4692:tid 1536] [client 182.114.110.112:6927] AH02811: script not found or unable to stat: C:/xampp/htdocs/setup.cgi
[Wed Mar 29 01:17:25.505355 2023] [php:warn] [pid 4692:tid 1704] [client 104.152.52.160:43829] PHP Warning: Undefined array key "HTTP_HOST" in C:\\xampp\\htdocs\\index.php on line 7
[Wed Mar 29 03:38:10.709010 2023] [core:error] [pid 4692:tid 1536] [client 194.55.224.203:43186] AH10244: invalid URI path (/cgi-bin/.%%%%32%%65/.%%%%32%%65/.%%%%32%%65/.%%%%32%%65/.%%%%32%%65/bin/sh)
[Wed Mar 29 17:26:47.754672 2023] [php:warn] [pid 4692:tid 1536] [client 81.209.147.6:35600] PHP Warning: Undefined array key "HTTP_HOST" in C:\\xampp\\htdocs\\index.php on line 7
[Wed Mar 29 17:27:57.583082 2023] [php:warn] [pid 4692:tid 1528] [client 81.209.147.4:35062] PHP Warning: Undefined array key "HTTP_HOST" in C:\\xampp\\htdocs\\index.php on line 7
[Wed Mar 29 17:27:58.864059 2023] [php:warn] [pid 4692:tid 1704] [client 174.138.95.17:20000] PHP Warning: Undefined array key "HTTP_HOST" in C:\\xampp\\htdocs\\index.php on line 7
[Thu Mar 30 10:18:56.901407 2023] [php:error] [pid 4692:tid 1704] [client 165.227.198.172:40584] script 'C:/xampp/htdocs/upl.php' not found or unable to stat
[Thu Mar 30 11:13:07.116088 2023] [cgi:error] [pid 4692:tid 1536] [client 64.227.170.178:55224] AH02811: script not found or unable to stat: C:/xampp/htdocs/auth.asp
[Thu Mar 30 12:29:20.983833 2023] [ssl:warn] [pid 564:tid 280] AH01909: www.example.com:443:0 server certificate does NOT include an ID which matches the server name
[Thu Mar 30 12:29:21.015102 2023] [core:warn] [pid 564:tid 280] AH00098: pid file C:/xampp/apache/logs/httpd.pid overwritten -- Unclean shutdown of previous Apache run?
[Thu Mar 30 12:29:21.015102 2023] [ssl:warn] [pid 564:tid 280] AH01909: www.example.com:443:0 server certificate does NOT include an ID which matches the server name
[Thu Mar 30 12:29:21.186960 2023] [mpm_winnt:notice] [pid 564:tid 280] AH00455: Apache/2.4.54 (Win64) OpenSSL/1.1.1p PHP/8.2.0 configured -- resuming normal operations
[Thu Mar 30 12:29:21.186960 2023] [mpm_winnt:notice] [pid 564:tid 280] AH00456: Apache Lounge VS16 Server built: Jun 22 2022 09:58:15
[Thu Mar 30 12:29:21.186960 2023] [core:notice] [pid 564:tid 280] AH00094: Command line: 'c:\\xampp\\apache\\bin\\httpd.exe -d C:/xampp/apache'
[Thu Mar 30 12:29:21.186960 2023] [mpm_winnt:notice] [pid 564:tid 280] AH00418: Parent: Created child process 1900
[Thu Mar 30 12:29:21.390104 2023] [ssl:warn] [pid 1900:tid 284] AH01909: www.example.com:443:0 server certificate does NOT include an ID which matches the server name
[Thu Mar 30 12:29:21.405697 2023] [ssl:warn] [pid 1900:tid 284] AH01909: www.example.com:443:0 server certificate does NOT include an ID which matches the server name
[Thu Mar 30 12:29:21.436950 2023] [mpm_winnt:notice] [pid 1900:tid 284] AH00354: Child: Starting 150 worker threads.
[Thu Mar 30 15:36:31.347905 2023] [php:error] [pid 1900:tid 1428] [client 64.226.100.205:58054] script 'C:/xampp/htdocs/upl.php' not found or unable to stat
[Fri Mar 31 01:44:12.618157 2023] [php:error] [pid 1900:tid 1428] [client 206.189.14.126:34086] script 'C:/xampp/htdocs/upl.php' not found or unable to stat
[Fri Mar 31 04:10:22.857755 2023] [php:warn] [pid 1900:tid 1692] [client 139.162.7.59:39702] PHP Warning: Undefined array key "HTTP_HOST" in C:\\xampp\\htdocs\\index.php on line 7
[Fri Mar 31 04:10:28.873386 2023] [php:warn] [pid 1900:tid 1428] [client 139.162.7.59:47910] PHP Warning: Undefined array key "HTTP_HOST" in C:\\xampp\\htdocs\\index.php on line 7
[Fri Mar 31 04:11:10.643086 2023] [authz_core:error] [pid 1900:tid 1388] [client 139.162.7.59:43652] AH01630: client denied by server configuration: C:/xampp/htdocs/server-status
[Fri Mar 31 04:11:10.658681 2023] [php:warn] [pid 1900:tid 1676] [client 139.162.7.59:52418] PHP Warning: Undefined array key "HTTP_HOST" in C:\\xampp\\htdocs\\index.php on line 7
[Fri Mar 31 04:11:11.705589 2023] [cgi:error] [pid 1900:tid 1680] [client 139.162.7.59:43770] AH02811: script not found or unable to stat: C:/xampp/htdocs/indice.pl
[Fri Mar 31 04:11:11.861818 2023] [cgi:error] [pid 1900:tid 1388] [client 139.162.7.59:52584] AH02811: script not found or unable to stat: C:/xampp/htdocs/indice.pl
[Fri Mar 31 04:11:12.018073 2023] [php:error] [pid 1900:tid 1388] [client 139.162.7.59:43786] script 'C:/xampp/htdocs/default.php' not found or unable to stat
[Fri Mar 31 04:11:12.174332 2023] [php:error] [pid 1900:tid 1388] [client 139.162.7.59:52608] script 'C:/xampp/htdocs/default.php' not found or unable to stat
[Fri Mar 31 04:11:12.330571 2023] [php:error] [pid 1900:tid 1388] [client 139.162.7.59:43820] script 'C:/xampp/htdocs/base.php' not found or unable to stat
[Fri Mar 31 04:11:12.486819 2023] [php:error] [pid 1900:tid 1668] [client 139.162.7.59:52640] script 'C:/xampp/htdocs/base.php' not found or unable to stat
[Fri Mar 31 04:11:12.814935 2023] [php:error] [pid 1900:tid 1652] [client 139.162.7.59:43880] script 'C:/xampp/htdocs/inicio.php' not found or unable to stat
[Fri Mar 31 04:11:12.971181 2023] [cgi:error] [pid 1900:tid 1668] [client 139.162.7.59:43890] AH02811: script not found or unable to stat: C:/xampp/htdocs/main.asp
[Fri Mar 31 04:11:12.971181 2023] [php:error] [pid 1900:tid 1652] [client 139.162.7.59:52688] script 'C:/xampp/htdocs/inicio.php' not found or unable to stat
[Fri Mar 31 04:11:13.127456 2023] [cgi:error] [pid 1900:tid 1388] [client 139.162.7.59:52700] AH02811: script not found or unable to stat: C:/xampp/htdocs/main.asp
[Fri Mar 31 04:11:13.439952 2023] [cgi:error] [pid 1900:tid 1388] [client 139.162.7.59:43950] AH02811: script not found or unable to stat: C:/xampp/htdocs/index.asp
[Fri Mar 31 04:11:13.596201 2023] [cgi:error] [pid 1900:tid 1388] [client 139.162.7.59:52758] AH02811: script not found or unable to stat: C:/xampp/htdocs/index.asp
[Fri Mar 31 04:11:14.064956 2023] [php:error] [pid 1900:tid 1388] [client 139.162.7.59:43974] script 'C:/xampp/htdocs/admin.php' not found or unable to stat
[Fri Mar 31 04:11:14.221197 2023] [php:error] [pid 1900:tid 1388] [client 139.162.7.59:52798] script 'C:/xampp/htdocs/admin.php' not found or unable to stat
[Fri Mar 31 04:11:14.221197 2023] [cgi:error] [pid 1900:tid 1668] [client 139.162.7.59:43988] AH02811: script not found or unable to stat: C:/xampp/htdocs/start.asp
[Fri Mar 31 04:11:14.377466 2023] [cgi:error] [pid 1900:tid 1388] [client 139.162.7.59:52810] AH02811: script not found or unable to stat: C:/xampp/htdocs/start.asp
[Fri Mar 31 04:11:15.502456 2023] [cgi:error] [pid 1900:tid 1388] [client 139.162.7.59:44052] AH02811: script not found or unable to stat: C:/xampp/htdocs/admin.cgi
[Fri Mar 31 04:11:15.674326 2023] [cgi:error] [pid 1900:tid 1668] [client 139.162.7.59:44064] AH02811: script not found or unable to stat: C:/xampp/htdocs/menu.asp
[Fri Mar 31 04:11:15.674326 2023] [cgi:error] [pid 1900:tid 1388] [client 139.162.7.59:52898] AH02811: script not found or unable to stat: C:/xampp/htdocs/admin.cgi
[Fri Mar 31 04:11:15.830568 2023] [cgi:error] [pid 1900:tid 1668] [client 139.162.7.59:52914] AH02811: script not found or unable to stat: C:/xampp/htdocs/menu.asp
[Fri Mar 31 04:11:16.455560 2023] [cgi:error] [pid 1900:tid 1388] [client 139.162.7.59:44126] AH02811: script not found or unable to stat: C:/xampp/htdocs/admin.asp
[Fri Mar 31 04:11:16.627432 2023] [cgi:error] [pid 1900:tid 1388] [client 139.162.7.59:52964] AH02811: script not found or unable to stat: C:/xampp/htdocs/admin.asp
[Fri Mar 31 04:11:16.783680 2023] [cgi:error] [pid 1900:tid 1388] [client 139.162.7.59:44142] AH02811: script not found or unable to stat: C:/xampp/htdocs/base.pl
[Fri Mar 31 04:11:16.939930 2023] [cgi:error] [pid 1900:tid 1388] [client 139.162.7.59:52984] AH02811: script not found or unable to stat: C:/xampp/htdocs/base.pl
[Fri Mar 31 04:11:17.236872 2023] [cgi:error] [pid 1900:tid 1668] [client 139.162.7.59:44174] AH02811: script not found or unable to stat: C:/xampp/htdocs/home.pl
[Fri Mar 31 04:11:17.393066 2023] [cgi:error] [pid 1900:tid 1668] [client 139.162.7.59:53010] AH02811: script not found or unable to stat: C:/xampp/htdocs/home.pl
[Fri Mar 31 04:11:17.705575 2023] [cgi:error] [pid 1900:tid 1388] [client 139.162.7.59:44210] AH02811: script not found or unable to stat: C:/xampp/htdocs/default.pl
[Fri Mar 31 04:11:17.861833 2023] [cgi:error] [pid 1900:tid 1388] [client 139.162.7.59:53030] AH02811: script not found or unable to stat: C:/xampp/htdocs/default.pl
[Fri Mar 31 04:11:18.174317 2023] [cgi:error] [pid 1900:tid 1668] [client 139.162.7.59:33497] AH02811: script not found or unable to stat: C:/xampp/htdocs/inicio.asp
[Fri Mar 31 04:11:18.330574 2023] [php:error] [pid 1900:tid 1692] [client 139.162.7.59:44258] script 'C:/xampp/htdocs/home.php' not found or unable to stat
[Fri Mar 31 04:11:18.330574 2023] [cgi:error] [pid 1900:tid 1668] [client 139.162.7.59:53078] AH02811: script not found or unable to stat: C:/xampp/htdocs/inicio.asp
[Fri Mar 31 04:11:18.486819 2023] [php:error] [pid 1900:tid 1692] [client 139.162.7.59:53084] script 'C:/xampp/htdocs/home.php' not found or unable to stat
[Fri Mar 31 04:11:18.646256 2023] [cgi:error] [pid 1900:tid 1692] [client 139.162.7.59:44270] AH02811: script not found or unable to stat: C:/xampp/htdocs/start.pl
[Fri Mar 31 04:11:18.802510 2023] [cgi:error] [pid 1900:tid 1692] [client 139.162.7.59:53102] AH02811: script not found or unable to stat: C:/xampp/htdocs/start.pl
[Fri Mar 31 04:11:19.896253 2023] [cgi:error] [pid 1900:tid 1692] [client 139.162.7.59:35548] AH02811: script not found or unable to stat: C:/xampp/htdocs/home.asp
[Fri Mar 31 04:11:20.052513 2023] [cgi:error] [pid 1900:tid 1692] [client 139.162.7.59:33330] AH02811: script not found or unable to stat: C:/xampp/htdocs/home.asp
[Fri Mar 31 04:11:20.052513 2023] [cgi:error] [pid 1900:tid 1668] [client 139.162.7.59:35558] AH02811: script not found or unable to stat: C:/xampp/htdocs/base.asp
[Fri Mar 31 04:11:20.208750 2023] [cgi:error] [pid 1900:tid 1692] [client 139.162.7.59:35570] AH02811: script not found or unable to stat: C:/xampp/htdocs/admin.pl
[Fri Mar 31 04:11:20.208750 2023] [cgi:error] [pid 1900:tid 1668] [client 139.162.7.59:33338] AH02811: script not found or unable to stat: C:/xampp/htdocs/base.asp
[Fri Mar 31 04:11:20.365005 2023] [cgi:error] [pid 1900:tid 1692] [client 139.162.7.59:33354] AH02811: script not found or unable to stat: C:/xampp/htdocs/admin.pl
[Fri Mar 31 04:11:20.521251 2023] [cgi:error] [pid 1900:tid 1692] [client 139.162.7.59:35592] AH02811: script not found or unable to stat: C:/xampp/htdocs/menu.pl
[Fri Mar 31 04:11:20.677499 2023] [php:error] [pid 1900:tid 1668] [client 139.162.7.59:35616] script 'C:/xampp/htdocs/indice.php' not found or unable to stat
[Fri Mar 31 04:11:20.677499 2023] [cgi:error] [pid 1900:tid 1692] [client 139.162.7.59:33376] AH02811: script not found or unable to stat: C:/xampp/htdocs/menu.pl
[Fri Mar 31 04:11:20.833761 2023] [php:error] [pid 1900:tid 1668] [client 139.162.7.59:33390] script 'C:/xampp/htdocs/indice.php' not found or unable to stat
[Fri Mar 31 04:11:21.146250 2023] [cgi:error] [pid 1900:tid 1692] [client 139.162.7.59:35636] AH02811: script not found or unable to stat: C:/xampp/htdocs/home.cgi
[Fri Mar 31 04:11:21.318122 2023] [cgi:error] [pid 1900:tid 1692] [client 139.162.7.59:33410] AH02811: script not found or unable to stat: C:/xampp/htdocs/home.cgi
[Fri Mar 31 04:11:21.474396 2023] [cgi:error] [pid 1900:tid 1692] [client 139.162.7.59:35656] AH02811: script not found or unable to stat: C:/xampp/htdocs/indice.cgi
[Fri Mar 31 04:11:21.646273 2023] [cgi:error] [pid 1900:tid 1692] [client 139.162.7.59:33438] AH02811: script not found or unable to stat: C:/xampp/htdocs/indice.cgi
[Fri Mar 31 04:11:22.411879 2023] [cgi:error] [pid 1900:tid 1692] [client 139.162.7.59:35694] AH02811: script not found or unable to stat: C:/xampp/htdocs/start.cgi
[Fri Mar 31 04:11:22.615000 2023] [cgi:error] [pid 1900:tid 1692] [client 139.162.7.59:33492] AH02811: script not found or unable to stat: C:/xampp/htdocs/start.cgi
[Fri Mar 31 04:11:22.786873 2023] [cgi:error] [pid 1900:tid 1692] [client 139.162.7.59:35718] AH02811: script not found or unable to stat: C:/xampp/htdocs/indice.asp
[Fri Mar 31 04:11:22.943116 2023] [cgi:error] [pid 1900:tid 1668] [client 139.162.7.59:35734] AH02811: script not found or unable to stat: C:/xampp/htdocs/inicio.pl
[Fri Mar 31 04:11:22.943116 2023] [cgi:error] [pid 1900:tid 1692] [client 139.162.7.59:33510] AH02811: script not found or unable to stat: C:/xampp/htdocs/indice.asp
[Fri Mar 31 04:11:23.099369 2023] [cgi:error] [pid 1900:tid 1668] [client 139.162.7.59:33524] AH02811: script not found or unable to stat: C:/xampp/htdocs/inicio.pl
[Fri Mar 31 04:11:23.411894 2023] [cgi:error] [pid 1900:tid 1692] [client 139.162.7.59:35762] AH02811: script not found or unable to stat: C:/xampp/htdocs/base.cgi
[Fri Mar 31 04:11:23.568124 2023] [cgi:error] [pid 1900:tid 1692] [client 139.162.7.59:33568] AH02811: script not found or unable to stat: C:/xampp/htdocs/base.cgi
[Fri Mar 31 04:11:23.880633 2023] [cgi:error] [pid 1900:tid 1668] [client 139.162.7.59:35794] AH02811: script not found or unable to stat: C:/xampp/htdocs/main.cgi
[Fri Mar 31 04:11:24.052493 2023] [cgi:error] [pid 1900:tid 1692] [client 139.162.7.59:35804] AH02811: script not found or unable to stat: C:/xampp/htdocs/default.cgi
[Fri Mar 31 04:11:24.052493 2023] [cgi:error] [pid 1900:tid 1668] [client 139.162.7.59:33598] AH02811: script not found or unable to stat: C:/xampp/htdocs/main.cgi
[Fri Mar 31 04:11:24.193142 2023] [cgi:error] [pid 1900:tid 1692] [client 139.162.7.59:33600] AH02811: script not found or unable to stat: C:/xampp/htdocs/default.cgi
[Fri Mar 31 04:11:25.318127 2023] [php:error] [pid 1900:tid 1668] [client 139.162.7.59:35876] script 'C:/xampp/htdocs/localstart.php' not found or unable to stat
[Fri Mar 31 04:11:25.474413 2023] [php:error] [pid 1900:tid 1668] [client 139.162.7.59:33676] script 'C:/xampp/htdocs/localstart.php' not found or unable to stat
[Fri Mar 31 04:11:25.943125 2023] [cgi:error] [pid 1900:tid 1668] [client 139.162.7.59:35914] AH02811: script not found or unable to stat: C:/xampp/htdocs/localstart.asp
[Fri Mar 31 04:11:26.115035 2023] [cgi:error] [pid 1900:tid 1668] [client 139.162.7.59:33720] AH02811: script not found or unable to stat: C:/xampp/htdocs/localstart.asp
[Fri Mar 31 04:11:26.427500 2023] [php:error] [pid 1900:tid 1692] [client 139.162.7.59:35950] script 'C:/xampp/htdocs/menu.php' not found or unable to stat
[Fri Mar 31 04:11:26.583761 2023] [php:error] [pid 1900:tid 1692] [client 139.162.7.59:33748] script 'C:/xampp/htdocs/menu.php' not found or unable to stat
[Fri Mar 31 04:11:26.583761 2023] [php:error] [pid 1900:tid 1668] [client 139.162.7.59:35956] script 'C:/xampp/htdocs/start.php' not found or unable to stat
[Fri Mar 31 04:11:26.740017 2023] [cgi:error] [pid 1900:tid 1692] [client 139.162.7.59:35972] AH02811: script not found or unable to stat: C:/xampp/htdocs/default.asp
[Fri Mar 31 04:11:26.740017 2023] [php:error] [pid 1900:tid 1668] [client 139.162.7.59:33750] script 'C:/xampp/htdocs/start.php' not found or unable to stat
[Fri Mar 31 04:11:26.896255 2023] [cgi:error] [pid 1900:tid 1692] [client 139.162.7.59:33758] AH02811: script not found or unable to stat: C:/xampp/htdocs/default.asp
[Fri Mar 31 04:11:26.896255 2023] [cgi:error] [pid 1900:tid 1668] [client 139.162.7.59:35974] AH02811: script not found or unable to stat: C:/xampp/htdocs/localstart.pl
[Fri Mar 31 04:11:27.052507 2023] [cgi:error] [pid 1900:tid 1668] [client 139.162.7.59:33762] AH02811: script not found or unable to stat: C:/xampp/htdocs/localstart.pl
[Fri Mar 31 04:11:27.208755 2023] [cgi:error] [pid 1900:tid 1668] [client 139.162.7.59:35992] AH02811: script not found or unable to stat: C:/xampp/htdocs/inicio.cgi
[Fri Mar 31 04:11:27.380622 2023] [cgi:error] [pid 1900:tid 1668] [client 139.162.7.59:33782] AH02811: script not found or unable to stat: C:/xampp/htdocs/inicio.cgi
[Fri Mar 31 04:11:28.005629 2023] [cgi:error] [pid 1900:tid 1692] [client 139.162.7.59:36048] AH02811: script not found or unable to stat: C:/xampp/htdocs/localstart.cgi
[Fri Mar 31 04:11:28.161883 2023] [cgi:error] [pid 1900:tid 1692] [client 139.162.7.59:33804] AH02811: script not found or unable to stat: C:/xampp/htdocs/localstart.cgi
[Fri Mar 31 04:11:29.271264 2023] [cgi:error] [pid 1900:tid 1692] [client 139.162.7.59:36112] AH02811: script not found or unable to stat: C:/xampp/htdocs/menu.cgi
[Fri Mar 31 04:11:29.427502 2023] [cgi:error] [pid 1900:tid 1692] [client 139.162.7.59:33874] AH02811: script not found or unable to stat: C:/xampp/htdocs/menu.cgi
[Fri Mar 31 04:11:29.739999 2023] [cgi:error] [pid 1900:tid 1668] [client 139.162.7.59:45518] AH02811: script not found or unable to stat: C:/xampp/htdocs/index.pl
[Fri Mar 31 04:11:29.896311 2023] [cgi:error] [pid 1900:tid 1668] [client 139.162.7.59:60742] AH02811: script not found or unable to stat: C:/xampp/htdocs/index.pl
[Fri Mar 31 04:11:30.849373 2023] [cgi:error] [pid 1900:tid 1668] [client 139.162.7.59:45572] AH02811: script not found or unable to stat: C:/xampp/htdocs/main.pl
[Fri Mar 31 04:11:31.005620 2023] [php:error] [pid 1900:tid 1692] [client 139.162.7.59:45576] script 'C:/xampp/htdocs/main.php' not found or unable to stat
[Fri Mar 31 04:11:31.005620 2023] [cgi:error] [pid 1900:tid 1668] [client 139.162.7.59:60798] AH02811: script not found or unable to stat: C:/xampp/htdocs/main.pl
[Fri Mar 31 04:11:31.161942 2023] [php:error] [pid 1900:tid 1692] [client 139.162.7.59:60800] script 'C:/xampp/htdocs/main.php' not found or unable to stat
[Fri Mar 31 04:11:31.318120 2023] [cgi:error] [pid 1900:tid 1692] [client 139.162.7.59:45598] AH02811: script not found or unable to stat: C:/xampp/htdocs/index.cgi
[Fri Mar 31 04:11:31.490002 2023] [cgi:error] [pid 1900:tid 1692] [client 139.162.7.59:60824] AH02811: script not found or unable to stat: C:/xampp/htdocs/index.cgi
[Fri Mar 31 04:11:36.099366 2023] [php:warn] [pid 1900:tid 1680] [client 139.162.7.59:45620] PHP Warning: Undefined array key "HTTP_HOST" in C:\\xampp\\htdocs\\index.php on line 7
[Fri Mar 31 04:11:39.318132 2023] [php:warn] [pid 1900:tid 1676] [client 139.162.7.59:60968] PHP Warning: Undefined array key "HTTP_HOST" in C:\\xampp\\htdocs\\index.php on line 7
[Fri Mar 31 11:30:04.395957 2023] [php:error] [pid 1900:tid 1692] [client 170.64.166.185:43668] script 'C:/xampp/htdocs/upl.php' not found or unable to stat
[Fri Mar 31 13:14:04.210177 2023] [authz_core:error] [pid 1900:tid 1692] [client 8.142.138.208:61665] AH01630: client denied by server configuration: C:/xampp/phpMyAdmin/index.php
[Sat Apr 01 01:30:49.254710 2023] [core:error] [pid 1900:tid 1692] [client 152.89.196.54:41706] AH10244: invalid URI path (/cgi-bin/.%2e/.%2e/.%2e/.%2e/bin/sh)
[Sat Apr 01 05:20:51.249709 2023] [php:warn] [pid 1900:tid 1692] [client 205.210.31.180:55121] PHP Warning: Undefined array key "HTTP_HOST" in C:\\xampp\\htdocs\\index.php on line 7
[Sat Apr 01 12:43:42.779269 2023] [php:warn] [pid 1900:tid 1692] [client 139.162.7.59:58456] PHP Warning: Undefined array key "HTTP_HOST" in C:\\xampp\\htdocs\\index.php on line 7
[Sat Apr 01 12:43:48.794901 2023] [php:warn] [pid 1900:tid 1692] [client 139.162.7.59:41262] PHP Warning: Undefined array key "HTTP_HOST" in C:\\xampp\\htdocs\\index.php on line 7
[Sat Apr 01 12:44:30.768394 2023] [php:warn] [pid 1900:tid 1680] [client 139.162.7.59:58998] PHP Warning: Undefined array key "HTTP_HOST" in C:\\xampp\\htdocs\\index.php on line 7
[Sat Apr 01 12:44:31.252772 2023] [authz_core:error] [pid 1900:tid 1680] [client 139.162.7.59:55102] AH01630: client denied by server configuration: C:/xampp/htdocs/server-status
[Sat Apr 01 12:44:31.549636 2023] [php:error] [pid 1900:tid 1684] [client 139.162.7.59:59072] script 'C:/xampp/htdocs/main.php' not found or unable to stat
[Sat Apr 01 12:44:31.815259 2023] [php:error] [pid 1900:tid 1692] [client 139.162.7.59:55210] script 'C:/xampp/htdocs/main.php' not found or unable to stat
[Sat Apr 01 12:44:32.034003 2023] [php:warn] [pid 1900:tid 1412] [client 139.162.7.59:55246] PHP Warning: Undefined array key "HTTP_HOST" in C:\\xampp\\htdocs\\index.php on line 7
[Sat Apr 01 12:44:32.362151 2023] [cgi:error] [pid 1900:tid 1684] [client 139.162.7.59:59182] AH02811: script not found or unable to stat: C:/xampp/htdocs/home.pl
[Sat Apr 01 12:44:32.632315 2023] [cgi:error] [pid 1900:tid 1428] [client 139.162.7.59:55296] AH02811: script not found or unable to stat: C:/xampp/htdocs/home.pl
[Sat Apr 01 12:44:32.683511 2023] [cgi:error] [pid 1900:tid 1684] [client 139.162.7.59:59230] AH02811: script not found or unable to stat: C:/xampp/htdocs/inicio.pl
[Sat Apr 01 12:44:32.964771 2023] [cgi:error] [pid 1900:tid 1676] [client 139.162.7.59:55308] AH02811: script not found or unable to stat: C:/xampp/htdocs/inicio.pl
[Sat Apr 01 12:44:33.011645 2023] [cgi:error] [pid 1900:tid 1684] [client 139.162.7.59:59284] AH02811: script not found or unable to stat: C:/xampp/htdocs/indice.asp
[Sat Apr 01 12:44:33.277276 2023] [cgi:error] [pid 1900:tid 1412] [client 139.162.7.59:55344] AH02811: script not found or unable to stat: C:/xampp/htdocs/indice.asp
[Sat Apr 01 12:44:33.496024 2023] [php:error] [pid 1900:tid 1412] [client 139.162.7.59:59360] script 'C:/xampp/htdocs/admin.php' not found or unable to stat
[Sat Apr 01 12:44:33.652288 2023] [cgi:error] [pid 1900:tid 1412] [client 139.162.7.59:59366] AH02811: script not found or unable to stat: C:/xampp/htdocs/start.asp
[Sat Apr 01 12:44:33.761650 2023] [php:error] [pid 1900:tid 1676] [client 139.162.7.59:55388] script 'C:/xampp/htdocs/admin.php' not found or unable to stat
[Sat Apr 01 12:44:33.933550 2023] [cgi:error] [pid 1900:tid 1676] [client 139.162.7.59:55406] AH02811: script not found or unable to stat: C:/xampp/htdocs/start.asp
[Sat Apr 01 12:44:34.464788 2023] [php:error] [pid 1900:tid 1412] [client 139.162.7.59:59428] script 'C:/xampp/htdocs/menu.php' not found or unable to stat
[Sat Apr 01 12:44:34.730436 2023] [php:error] [pid 1900:tid 1676] [client 139.162.7.59:55476] script 'C:/xampp/htdocs/menu.php' not found or unable to stat
[Sat Apr 01 12:44:35.277283 2023] [cgi:error] [pid 1900:tid 1684] [client 139.162.7.59:59466] AH02811: script not found or unable to stat: C:/xampp/htdocs/home.cgi
[Sat Apr 01 12:44:35.542913 2023] [cgi:error] [pid 1900:tid 1676] [client 139.162.7.59:46222] AH02811: script not found or unable to stat: C:/xampp/htdocs/home.cgi
[Sat Apr 01 12:44:35.589786 2023] [php:error] [pid 1900:tid 1684] [client 139.162.7.59:45070] script 'C:/xampp/htdocs/home.php' not found or unable to stat
[Sat Apr 01 12:44:35.761664 2023] [authz_core:error] [pid 1900:tid 1684] [client 139.162.7.59:45082] AH01630: client denied by server configuration: C:/xampp/htdocs/server-status
[Sat Apr 01 12:44:35.871216 2023] [php:error] [pid 1900:tid 1676] [client 139.162.7.59:46244] script 'C:/xampp/htdocs/home.php' not found or unable to stat
[Sat Apr 01 12:44:36.386664 2023] [cgi:error] [pid 1900:tid 1684] [client 139.162.7.59:45132] AH02811: script not found or unable to stat: C:/xampp/htdocs/index.cgi
[Sat Apr 01 12:44:36.667895 2023] [cgi:error] [pid 1900:tid 1676] [client 139.162.7.59:46304] AH02811: script not found or unable to stat: C:/xampp/htdocs/index.cgi
[Sat Apr 01 12:44:36.871030 2023] [cgi:error] [pid 1900:tid 1684] [client 139.162.7.59:45144] AH02811: script not found or unable to stat: C:/xampp/htdocs/inicio.asp
[Sat Apr 01 12:44:37.027276 2023] [cgi:error] [pid 1900:tid 1684] [client 139.162.7.59:45148] AH02811: script not found or unable to stat: C:/xampp/htdocs/start.cgi
[Sat Apr 01 12:44:37.136674 2023] [cgi:error] [pid 1900:tid 1676] [client 139.162.7.59:46344] AH02811: script not found or unable to stat: C:/xampp/htdocs/inicio.asp
[Sat Apr 01 12:44:37.183552 2023] [cgi:error] [pid 1900:tid 1684] [client 139.162.7.59:45160] AH02811: script not found or unable to stat: C:/xampp/htdocs/base.cgi
[Sat Apr 01 12:44:37.292915 2023] [cgi:error] [pid 1900:tid 1676] [client 139.162.7.59:46360] AH02811: script not found or unable to stat: C:/xampp/htdocs/start.cgi
[Sat Apr 01 12:44:37.339782 2023] [php:error] [pid 1900:tid 1684] [client 139.162.7.59:45172] script 'C:/xampp/htdocs/default.php' not found or unable to stat
[Sat Apr 01 12:44:37.449161 2023] [cgi:error] [pid 1900:tid 1676] [client 139.162.7.59:46372] AH02811: script not found or unable to stat: C:/xampp/htdocs/base.cgi
[Sat Apr 01 12:44:37.496037 2023] [cgi:error] [pid 1900:tid 1684] [client 139.162.7.59:45188] AH02811: script not found or unable to stat: C:/xampp/htdocs/localstart.asp
[Sat Apr 01 12:44:37.605417 2023] [php:error] [pid 1900:tid 1676] [client 139.162.7.59:46388] script 'C:/xampp/htdocs/default.php' not found or unable to stat
[Sat Apr 01 12:44:37.761657 2023] [cgi:error] [pid 1900:tid 1676] [client 139.162.7.59:46394] AH02811: script not found or unable to stat: C:/xampp/htdocs/localstart.asp
[Sat Apr 01 12:44:37.964822 2023] [cgi:error] [pid 1900:tid 1684] [client 139.162.7.59:45222] AH02811: script not found or unable to stat: C:/xampp/htdocs/main.cgi
[Sat Apr 01 12:44:38.230411 2023] [cgi:error] [pid 1900:tid 1676] [client 139.162.7.59:46418] AH02811: script not found or unable to stat: C:/xampp/htdocs/main.cgi
[Sat Apr 01 12:44:38.589785 2023] [cgi:error] [pid 1900:tid 1684] [client 139.162.7.59:45256] AH02811: script not found or unable to stat: C:/xampp/htdocs/default.pl
[Sat Apr 01 12:44:38.746027 2023] [cgi:error] [pid 1900:tid 1684] [client 139.162.7.59:45272] AH02811: script not found or unable to stat: C:/xampp/htdocs/start.pl
[Sat Apr 01 12:44:38.855396 2023] [cgi:error] [pid 1900:tid 1676] [client 139.162.7.59:46458] AH02811: script not found or unable to stat: C:/xampp/htdocs/default.pl
[Sat Apr 01 12:44:39.011661 2023] [cgi:error] [pid 1900:tid 1412] [client 139.162.7.59:46474] AH02811: script not found or unable to stat: C:/xampp/htdocs/start.pl
[Sat Apr 01 12:44:39.058534 2023] [cgi:error] [pid 1900:tid 1684] [client 139.162.7.59:45328] AH02811: script not found or unable to stat: C:/xampp/htdocs/localstart.pl
[Sat Apr 01 12:44:39.324160 2023] [cgi:error] [pid 1900:tid 1676] [client 139.162.7.59:46492] AH02811: script not found or unable to stat: C:/xampp/htdocs/localstart.pl
[Sat Apr 01 12:44:40.011649 2023] [cgi:error] [pid 1900:tid 1412] [client 139.162.7.59:45386] AH02811: script not found or unable to stat: C:/xampp/htdocs/localstart.cgi
[Sat Apr 01 12:44:40.277266 2023] [cgi:error] [pid 1900:tid 1676] [client 139.162.7.59:46556] AH02811: script not found or unable to stat: C:/xampp/htdocs/localstart.cgi
[Sat Apr 01 12:44:40.792900 2023] [cgi:error] [pid 1900:tid 1412] [client 139.162.7.59:45422] AH02811: script not found or unable to stat: C:/xampp/htdocs/menu.pl
[Sat Apr 01 12:44:41.058522 2023] [cgi:error] [pid 1900:tid 1684] [client 139.162.7.59:46610] AH02811: script not found or unable to stat: C:/xampp/htdocs/menu.pl
[Sat Apr 01 12:44:41.261657 2023] [cgi:error] [pid 1900:tid 1412] [client 139.162.7.59:45454] AH02811: script not found or unable to stat: C:/xampp/htdocs/base.asp
[Sat Apr 01 12:44:41.527290 2023] [cgi:error] [pid 1900:tid 1684] [client 139.162.7.59:46632] AH02811: script not found or unable to stat: C:/xampp/htdocs/base.asp
[Sat Apr 01 12:44:41.574169 2023] [cgi:error] [pid 1900:tid 1412] [client 139.162.7.59:45470] AH02811: script not found or unable to stat: C:/xampp/htdocs/indice.pl
[Sat Apr 01 12:44:41.730416 2023] [php:error] [pid 1900:tid 1412] [client 139.162.7.59:45484] script 'C:/xampp/htdocs/indice.php' not found or unable to stat
[Sat Apr 01 12:44:41.839790 2023] [cgi:error] [pid 1900:tid 1684] [client 139.162.7.59:46644] AH02811: script not found or unable to stat: C:/xampp/htdocs/indice.pl
[Sat Apr 01 12:44:41.886666 2023] [cgi:error] [pid 1900:tid 1412] [client 139.162.7.59:45490] AH02811: script not found or unable to stat: C:/xampp/htdocs/admin.cgi
[Sat Apr 01 12:44:41.996042 2023] [php:error] [pid 1900:tid 1688] [client 139.162.7.59:46652] script 'C:/xampp/htdocs/indice.php' not found or unable to stat
[Sat Apr 01 12:44:42.011644 2023] [cgi:error] [pid 1900:tid 1688] [client 139.162.7.59:46666] AH02811: script not found or unable to stat: C:/xampp/htdocs/admin.cgi
[Sat Apr 01 12:44:42.042897 2023] [cgi:error] [pid 1900:tid 1412] [client 139.162.7.59:45502] AH02811: script not found or unable to stat: C:/xampp/htdocs/admin.pl
[Sat Apr 01 12:44:42.089769 2023] [cgi:error] [pid 1900:tid 1412] [client 139.162.7.59:45516] AH02811: script not found or unable to stat: C:/xampp/htdocs/index.pl
[Sat Apr 01 12:44:42.089769 2023] [cgi:error] [pid 1900:tid 1688] [client 139.162.7.59:46692] AH02811: script not found or unable to stat: C:/xampp/htdocs/admin.pl
[Sat Apr 01 12:44:42.105402 2023] [cgi:error] [pid 1900:tid 1412] [client 139.162.7.59:45532] AH02811: script not found or unable to stat: C:/xampp/htdocs/inicio.cgi
[Sat Apr 01 12:44:42.105402 2023] [cgi:error] [pid 1900:tid 1688] [client 139.162.7.59:46700] AH02811: script not found or unable to stat: C:/xampp/htdocs/index.pl
[Sat Apr 01 12:44:42.121027 2023] [cgi:error] [pid 1900:tid 1688] [client 139.162.7.59:46702] AH02811: script not found or unable to stat: C:/xampp/htdocs/inicio.cgi
[Sat Apr 01 12:44:42.277269 2023] [cgi:error] [pid 1900:tid 1412] [client 139.162.7.59:45576] AH02811: script not found or unable to stat: C:/xampp/htdocs/menu.cgi
[Sat Apr 01 12:44:42.308550 2023] [cgi:error] [pid 1900:tid 1688] [client 139.162.7.59:46752] AH02811: script not found or unable to stat: C:/xampp/htdocs/menu.cgi
[Sat Apr 01 12:44:42.355400 2023] [php:error] [pid 1900:tid 1412] [client 139.162.7.59:45634] script 'C:/xampp/htdocs/base.php' not found or unable to stat
[Sat Apr 01 12:44:42.402276 2023] [php:error] [pid 1900:tid 1688] [client 139.162.7.59:46786] script 'C:/xampp/htdocs/base.php' not found or unable to stat
[Sat Apr 01 12:44:42.558530 2023] [cgi:error] [pid 1900:tid 1412] [client 139.162.7.59:45682] AH02811: script not found or unable to stat: C:/xampp/htdocs/base.pl
[Sat Apr 01 12:44:42.574146 2023] [cgi:error] [pid 1900:tid 1688] [client 139.162.7.59:46850] AH02811: script not found or unable to stat: C:/xampp/htdocs/base.pl
[Sat Apr 01 12:44:42.589772 2023] [cgi:error] [pid 1900:tid 1412] [client 139.162.7.59:45702] AH02811: script not found or unable to stat: C:/xampp/htdocs/main.pl
[Sat Apr 01 12:44:42.621046 2023] [cgi:error] [pid 1900:tid 1412] [client 139.162.7.59:45714] AH02811: script not found or unable to stat: C:/xampp/htdocs/menu.asp
[Sat Apr 01 12:44:42.652294 2023] [cgi:error] [pid 1900:tid 1688] [client 139.162.7.59:46874] AH02811: script not found or unable to stat: C:/xampp/htdocs/main.pl
[Sat Apr 01 12:44:42.667895 2023] [cgi:error] [pid 1900:tid 1688] [client 139.162.7.59:46888] AH02811: script not found or unable to stat: C:/xampp/htdocs/menu.asp
[Sat Apr 01 12:44:42.699148 2023] [php:error] [pid 1900:tid 1412] [client 139.162.7.59:45738] script 'C:/xampp/htdocs/localstart.php' not found or unable to stat
[Sat Apr 01 12:44:42.714777 2023] [php:error] [pid 1900:tid 1412] [client 139.162.7.59:45750] script 'C:/xampp/htdocs/inicio.php' not found or unable to stat
[Sat Apr 01 12:44:42.730394 2023] [php:error] [pid 1900:tid 1688] [client 139.162.7.59:46912] script 'C:/xampp/htdocs/localstart.php' not found or unable to stat
[Sat Apr 01 12:44:42.746030 2023] [php:error] [pid 1900:tid 1688] [client 139.162.7.59:46926] script 'C:/xampp/htdocs/inicio.php' not found or unable to stat
[Sat Apr 01 12:44:42.808529 2023] [cgi:error] [pid 1900:tid 1412] [client 139.162.7.59:45786] AH02811: script not found or unable to stat: C:/xampp/htdocs/main.asp
[Sat Apr 01 12:44:42.824152 2023] [cgi:error] [pid 1900:tid 1412] [client 139.162.7.59:45788] AH02811: script not found or unable to stat: C:/xampp/htdocs/indice.cgi
[Sat Apr 01 12:44:42.824152 2023] [cgi:error] [pid 1900:tid 1688] [client 139.162.7.59:46978] AH02811: script not found or unable to stat: C:/xampp/htdocs/main.asp
[Sat Apr 01 12:44:42.839794 2023] [cgi:error] [pid 1900:tid 1688] [client 139.162.7.59:46980] AH02811: script not found or unable to stat: C:/xampp/htdocs/indice.cgi
[Sat Apr 01 12:44:42.917903 2023] [php:error] [pid 1900:tid 1412] [client 139.162.7.59:45828] script 'C:/xampp/htdocs/start.php' not found or unable to stat
[Sat Apr 01 12:44:42.980397 2023] [php:error] [pid 1900:tid 1688] [client 139.162.7.59:47024] script 'C:/xampp/htdocs/start.php' not found or unable to stat
[Sat Apr 01 12:44:42.996019 2023] [cgi:error] [pid 1900:tid 1412] [client 139.162.7.59:45868] AH02811: script not found or unable to stat: C:/xampp/htdocs/index.asp
[Sat Apr 01 12:44:43.027280 2023] [cgi:error] [pid 1900:tid 1688] [client 139.162.7.59:47068] AH02811: script not found or unable to stat: C:/xampp/htdocs/index.asp
[Sat Apr 01 12:44:43.105398 2023] [cgi:error] [pid 1900:tid 1412] [client 139.162.7.59:45912] AH02811: script not found or unable to stat: C:/xampp/htdocs/home.asp
[Sat Apr 01 12:44:43.136649 2023] [cgi:error] [pid 1900:tid 1688] [client 139.162.7.59:47106] AH02811: script not found or unable to stat: C:/xampp/htdocs/home.asp
[Sat Apr 01 12:44:43.199151 2023] [cgi:error] [pid 1900:tid 1412] [client 139.162.7.59:45958] AH02811: script not found or unable to stat: C:/xampp/htdocs/default.asp
[Sat Apr 01 12:44:43.214772 2023] [cgi:error] [pid 1900:tid 1412] [client 139.162.7.59:45960] AH02811: script not found or unable to stat: C:/xampp/htdocs/admin.asp
[Sat Apr 01 12:44:43.214772 2023] [cgi:error] [pid 1900:tid 1688] [client 139.162.7.59:47160] AH02811: script not found or unable to stat: C:/xampp/htdocs/default.asp
[Sat Apr 01 12:44:43.230393 2023] [cgi:error] [pid 1900:tid 1412] [client 139.162.7.59:45962] AH02811: script not found or unable to stat: C:/xampp/htdocs/default.cgi
[Sat Apr 01 12:44:43.246026 2023] [cgi:error] [pid 1900:tid 1688] [client 139.162.7.59:47168] AH02811: script not found or unable to stat: C:/xampp/htdocs/admin.asp
[Sat Apr 01 12:44:43.261652 2023] [cgi:error] [pid 1900:tid 1688] [client 139.162.7.59:47178] AH02811: script not found or unable to stat: C:/xampp/htdocs/default.cgi
[Sat Apr 01 12:44:43.433532 2023] [php:warn] [pid 1900:tid 1676] [client 139.162.7.59:47200] PHP Warning: Undefined array key "HTTP_HOST" in C:\\xampp\\htdocs\\index.php on line 7
[Sat Apr 01 12:44:43.433532 2023] [php:warn] [pid 1900:tid 1652] [client 139.162.7.59:46020] PHP Warning: Undefined array key "HTTP_HOST" in C:\\xampp\\htdocs\\index.php on line 7
[Sat Apr 01 19:06:16.037434 2023] [core:error] [pid 1900:tid 1388] [client 128.1.248.42:33778] AH10244: invalid URI path (/icons/.%2e/%2e%2e/apache2/icons/sphere1.png)
[Sat Apr 01 19:06:16.724919 2023] [core:error] [pid 1900:tid 1388] [client 128.1.248.42:35562] AH10244: invalid URI path (/icons/.%%32%65/.%%32%65/apache2/icons/sphere1.png)
[Sat Apr 01 19:06:17.412349 2023] [core:error] [pid 1900:tid 1388] [client 128.1.248.42:37164] AH10244: invalid URI path (/icons/.%%32%65/.%%32%65/apache2/icons/non-existant-image.png)
[Sat Apr 01 19:49:08.857760 2023] [core:error] [pid 1900:tid 1688] [client 23.251.102.74:57092] AH10244: invalid URI path (/icons/.%2e/%2e%2e/apache2/icons/sphere1.png)
[Sat Apr 01 19:49:09.264019 2023] [core:error] [pid 1900:tid 1688] [client 23.251.102.74:58274] AH10244: invalid URI path (/icons/.%%32%65/.%%32%65/apache2/icons/sphere1.png)
[Sat Apr 01 19:49:09.732762 2023] [core:error] [pid 1900:tid 1688] [client 23.251.102.74:58596] AH10244: invalid URI path (/icons/.%%32%65/.%%32%65/apache2/icons/non-existant-image.png)
[Sat Apr 01 23:35:53.111085 2023] [authz_core:error] [pid 1900:tid 1692] [client 91.92.136.203:44000] AH01630: client denied by server configuration: C:/xampp/phpMyAdmin/index.php
[Sun Apr 02 04:37:52.918585 2023] [core:error] [pid 1900:tid 1692] [client 152.89.196.54:38814] AH10244: invalid URI path (/cgi-bin/.%2e/.%2e/.%2e/.%2e/bin/sh)
[Sun Apr 02 04:49:02.858563 2023] [cgi:error] [pid 1900:tid 1428] [client 195.133.40.249:55978] AH02811: script not found or unable to stat: C:/xampp/htdocs/printenv.pl
[Sun Apr 02 08:25:41.284802 2023] [core:error] [pid 1900:tid 1692] [client 152.89.196.54:53756] AH10244: invalid URI path (/cgi-bin/.%2e/.%2e/.%2e/.%2e/bin/sh)
[Sun Apr 02 09:36:56.370549 2023] [cgi:error] [pid 1900:tid 1692] [client 128.14.133.58:56230] AH02811: script not found or unable to stat: C:/xampp/cgi-bin/config.exp
[Sun Apr 02 11:34:05.429615 2023] [php:error] [pid 1900:tid 1692] [client 132.145.39.16:7819] script 'C:/xampp/htdocs/phpinfo.php' not found or unable to stat
[Sun Apr 02 11:34:05.820213 2023] [php:error] [pid 1900:tid 1692] [client 132.145.39.16:8573] script 'C:/xampp/htdocs/info.php' not found or unable to stat
[Sun Apr 02 11:34:06.179704 2023] [php:error] [pid 1900:tid 1692] [client 132.145.39.16:9408] script 'C:/xampp/htdocs/php.php' not found or unable to stat
[Sun Apr 02 11:34:06.507725 2023] [php:error] [pid 1900:tid 1692] [client 132.145.39.16:10182] script 'C:/xampp/htdocs/test.php' not found or unable to stat
[Sun Apr 02 15:39:45.841009 2023] [authz_core:error] [pid 1900:tid 1680] [client 165.154.119.11:36240] AH01630: client denied by server configuration: C:/xampp/phpMyAdmin/index.php
[Sun Apr 02 15:39:46.075387 2023] [php:error] [pid 1900:tid 1680] [client 165.154.119.11:36332] script 'C:/xampp/htdocs/index_sso.php' not found or unable to stat
[Sun Apr 02 20:51:44.681853 2023] [cgi:error] [pid 1900:tid 1692] [client 42.235.133.237:23810] AH02811: script not found or unable to stat: C:/xampp/htdocs/setup.cgi
[Mon Apr 03 01:33:18.619418 2023] [php:warn] [pid 1900:tid 1692] [client 104.152.52.105:56786] PHP Warning: Undefined array key "HTTP_HOST" in C:\\xampp\\htdocs\\index.php on line 7
[Mon Apr 03 06:17:54.310663 2023] [ssl:error] [pid 1900:tid 1692] [client 52.91.210.233:32814] AH02042: rejecting client initiated renegotiation
[Mon Apr 03 17:25:02.973765 2023] [php:warn] [pid 1900:tid 1692] [client 92.63.196.97:53840] PHP Warning: Undefined array key "HTTP_HOST" in C:\\xampp\\htdocs\\index.php on line 7
[Mon Apr 03 22:07:36.719619 2023] [php:error] [pid 1900:tid 1692] [client 159.65.118.163:58424] script 'C:/xampp/htdocs/phpinfo.php' not found or unable to stat
[Mon Apr 03 22:12:51.206670 2023] [cgi:error] [pid 1900:tid 1692] [client 115.60.225.73:44076] AH02811: script not found or unable to stat: C:/xampp/htdocs/setup.cgi
[Tue Apr 04 02:20:24.540147 2023] [php:error] [pid 1900:tid 1692] [client 5.188.210.227:30462] script 'C:/xampp/htdocs/echo.php' not found or unable to stat, referer: https://www.google.com/
[Tue Apr 04 09:07:03.166971 2023] [php:error] [pid 1900:tid 1692] [client 167.99.180.117:41308] script 'C:/xampp/htdocs/upl.php' not found or unable to stat
[Tue Apr 04 13:49:21.230773 2023] [php:error] [pid 1900:tid 1692] [client 45.130.153.170:64376] script 'C:/xampp/htdocs/info.php' not found or unable to stat
[Tue Apr 04 13:49:21.574543 2023] [php:error] [pid 1900:tid 1692] [client 45.130.153.170:64545] script 'C:/xampp/htdocs/phpinfo.php' not found or unable to stat
[Tue Apr 04 15:10:53.987108 2023] [php:error] [pid 1900:tid 1692] [client 35.216.229.26:60744] script 'C:/xampp/htdocs/info.php' not found or unable to stat
[Tue Apr 04 15:10:55.471477 2023] [authz_core:error] [pid 1900:tid 1692] [client 35.216.229.26:60768] AH01630: client denied by server configuration: C:/xampp/htdocs/server-status
[Tue Apr 04 19:31:44.413446 2023] [php:warn] [pid 1900:tid 1692] [client 165.227.24.109:42990] PHP Warning: Undefined array key "HTTP_HOST" in C:\\xampp\\htdocs\\index.php on line 7
[Wed Apr 05 12:15:48.047336 2023] [php:warn] [pid 1900:tid 1688] [client 159.203.166.157:20000] PHP Warning: Undefined array key "HTTP_HOST" in C:\\xampp\\htdocs\\index.php on line 7
[Wed Apr 05 12:49:13.267623 2023] [php:warn] [pid 1900:tid 1692] [client 198.235.24.163:56186] PHP Warning: Undefined array key "HTTP_HOST" in C:\\xampp\\htdocs\\index.php on line 7
[Wed Apr 05 19:58:32.891750 2023] [core:error] [pid 1900:tid 1688] [client 185.180.143.18:56864] AH10244: invalid URI path (/icons/.%%32%65/.%%32%65/apache2/icons/non-existant-image.png)
[Wed Apr 05 19:58:33.329248 2023] [core:error] [pid 1900:tid 1688] [client 185.180.143.18:57302] AH10244: invalid URI path (/icons/.%2e/%2e%2e/apache2/icons/sphere1.png)
[Wed Apr 05 19:58:34.719876 2023] [core:error] [pid 1900:tid 1688] [client 185.180.143.18:57546] AH10244: invalid URI path (/icons/.%%32%65/.%%32%65/apache2/icons/sphere1.png)
[Thu Apr 06 06:24:49.633506 2023] [php:warn] [pid 1900:tid 1692] [client 92.63.196.36:53467] PHP Warning: Undefined array key "HTTP_HOST" in C:\\xampp\\htdocs\\index.php on line 7
[Thu Apr 06 12:28:39.612098 2023] [php:error] [pid 1900:tid 1656] [client 34.226.211.107:46090] script 'C:/xampp/htdocs/gate.php' not found or unable to stat
[Thu Apr 06 18:31:16.925970 2023] [core:error] [pid 1900:tid 1692] [client 80.66.77.236:55654] AH10244: invalid URI path (/../../mnt/mtd/Config/Account1)
[Thu Apr 06 18:53:23.602496 2023] [php:error] [pid 1900:tid 1428] [client 206.189.5.59:37562] script 'C:/xampp/htdocs/upl.php' not found or unable to stat
[Fri Apr 07 01:57:17.253061 2023] [php:error] [pid 1900:tid 1692] [client 134.122.78.116:34226] script 'C:/xampp/htdocs/info.php' not found or unable to stat
[Fri Apr 07 02:32:28.183965 2023] [php:error] [pid 1900:tid 1692] [client 167.99.222.98:59894] script 'C:/xampp/htdocs/upl.php' not found or unable to stat
[Fri Apr 07 05:17:56.794986 2023] [php:warn] [pid 1900:tid 1692] [client 205.210.31.33:56056] PHP Warning: Undefined array key "HTTP_HOST" in C:\\xampp\\htdocs\\index.php on line 7
[Fri Apr 07 08:34:25.405084 2023] [core:error] [pid 1900:tid 1428] [client 185.180.143.137:47246] AH10244: invalid URI path (/icons/.%%32%65/.%%32%65/apache2/icons/non-existant-image.png)
[Fri Apr 07 08:34:26.358203 2023] [core:error] [pid 1900:tid 1428] [client 185.180.143.137:49016] AH10244: invalid URI path (/icons/.%2e/%2e%2e/apache2/icons/sphere1.png)
[Fri Apr 07 08:34:27.326952 2023] [core:error] [pid 1900:tid 1428] [client 185.180.143.137:50872] AH10244: invalid URI path (/icons/.%%32%65/.%%32%65/apache2/icons/sphere1.png)
[Fri Apr 07 15:46:37.240968 2023] [core:error] [pid 1900:tid 1688] [client 185.180.143.137:40350] AH10244: invalid URI path (/icons/.%%32%65/.%%32%65/apache2/icons/non-existant-image.png)
[Fri Apr 07 15:46:37.709706 2023] [core:error] [pid 1900:tid 1688] [client 185.180.143.137:41358] AH10244: invalid URI path (/icons/.%2e/%2e%2e/apache2/icons/sphere1.png)
[Fri Apr 07 15:46:38.194094 2023] [core:error] [pid 1900:tid 1688] [client 185.180.143.137:42258] AH10244: invalid URI path (/icons/.%%32%65/.%%32%65/apache2/icons/sphere1.png)
[Fri Apr 07 20:52:54.862375 2023] [php:error] [pid 1900:tid 1428] [client 170.64.161.111:50986] script 'C:/xampp/htdocs/upl.php' not found or unable to stat
[Sat Apr 08 01:23:20.480115 2023] [php:warn] [pid 1900:tid 1428] [client 104.152.52.116:48193] PHP Warning: Undefined array key "HTTP_HOST" in C:\\xampp\\htdocs\\index.php on line 7
[Sat Apr 08 02:41:07.383098 2023] [php:error] [pid 1900:tid 1428] [client 159.89.33.107:38582] script 'C:/xampp/htdocs/upl.php' not found or unable to stat
[Sat Apr 08 07:28:07.446151 2023] [php:error] [pid 1900:tid 1692] [client 159.65.50.46:57748] script 'C:/xampp/htdocs/upl.php' not found or unable to stat
[Sat Apr 08 09:45:17.315335 2023] [cgi:error] [pid 1900:tid 1692] [client 117.208.136.41:51616] AH02811: script not found or unable to stat: C:/xampp/htdocs/setup.cgi
[Sat Apr 08 11:43:03.288829 2023] [php:error] [pid 1900:tid 1692] [client 107.189.10.254:41360] script 'C:/xampp/htdocs/wp-comments-post.php' not found or unable to stat, referer: http://109.123.233.241
[Sat Apr 08 11:43:03.288829 2023] [php:error] [pid 1900:tid 1692] [client 107.189.10.254:41360] script 'C:/xampp/htdocs/wp-comments-post.php' not found or unable to stat, referer: http://109.123.233.241
